{"id":10019279,"date":"2024-09-04T16:40:11","date_gmt":"2024-09-04T16:40:11","guid":{"rendered":"https:\/\/uniformesludo.cl\/?post_type=product&#038;p=10019279"},"modified":"2024-09-04T16:41:11","modified_gmt":"2024-09-04T16:41:11","slug":"huellero-tampon-dactilar-225","status":"publish","type":"product","link":"https:\/\/uniformesludo.cl\/index.php\/producto\/huellero-tampon-dactilar-225\/","title":{"rendered":"Huellero Tamp\u00f3n Dactilar 225"},"content":{"rendered":"","protected":false},"excerpt":{"rendered":"<p><span style=\"color: #000080;\"><strong>225<\/strong><\/span><\/p>\n<p><em>Tamp\u00f3n dactilar de estuche negro. Presentaci\u00f3n en bolsa individual.<\/em><\/p>\n<p>Tinta de f\u00e1cil limpieza, durable y secado r\u00e1pido.<\/p>\n<p>Tama\u00f1o Timbre: 71.3 x 71.6 x 17.8 mm.<\/p>\n<p>Tama\u00f1o Placa: \u00d8 48 mm.<\/p>\n<p>Cajas de 12 unidades por color.<\/p>\n<ul>\n<li><span style=\"color: #0000ff;\"><span style=\"color: #000000;\">NEGRO<\/span>\u00a0<\/span>\u00a0 \u00a0 \u00a0 \u00a0 \u00a0 \u00a0 \u00a0Almohadilla Tinta Negra\u00a0 \u00a0 \u00a0 \u00a0 \u00a0 \u00a0701020501<\/li>\n<\/ul>\n","protected":false},"featured_media":10019328,"comment_status":"closed","ping_status":"closed","template":"","meta":[],"product_brand":[],"product_cat":[853,856],"product_tag":[],"class_list":{"0":"post-10019279","1":"product","2":"type-product","3":"status-publish","4":"has-post-thumbnail","6":"product_cat-timbres-automaticos","7":"product_cat-timbres-de-bolsillo-y-dactilares","9":"first","10":"instock","11":"shipping-taxable","12":"product-type-simple"},"aioseo_notices":[],"yoast_head":"<!-- This site is optimized with the Yoast SEO plugin v26.5 - https:\/\/yoast.com\/wordpress\/plugins\/seo\/ -->\n<title>Huellero Tamp\u00f3n Dactilar 225 - Uniformes Ludo<\/title>\n<meta name=\"robots\" content=\"index, follow, max-snippet:-1, max-image-preview:large, max-video-preview:-1\" \/>\n<link rel=\"canonical\" href=\"https:\/\/uniformesludo.cl\/index.php\/producto\/huellero-tampon-dactilar-225\/\" \/>\n<meta property=\"og:locale\" content=\"es_ES\" \/>\n<meta property=\"og:type\" content=\"article\" \/>\n<meta property=\"og:title\" content=\"Huellero Tamp\u00f3n Dactilar 225 - Uniformes Ludo\" \/>\n<meta property=\"og:description\" content=\"225  Tamp\u00f3n dactilar de estuche negro. Presentaci\u00f3n en bolsa individual.  Tinta de f\u00e1cil limpieza, durable y secado r\u00e1pido.  Tama\u00f1o Timbre: 71.3 x 71.6 x 17.8 mm.  Tama\u00f1o Placa: \u00d8 48 mm.  Cajas de 12 unidades por color.   NEGRO\u00a0\u00a0 \u00a0 \u00a0 \u00a0 \u00a0 \u00a0 \u00a0Almohadilla Tinta Negra\u00a0 \u00a0 \u00a0 \u00a0 \u00a0 \u00a0701020501\" \/>\n<meta property=\"og:url\" content=\"https:\/\/uniformesludo.cl\/index.php\/producto\/huellero-tampon-dactilar-225\/\" \/>\n<meta property=\"og:site_name\" content=\"Uniformes Ludo\" \/>\n<meta property=\"article:modified_time\" content=\"2024-09-04T16:41:11+00:00\" \/>\n<meta property=\"og:image\" content=\"https:\/\/uniformesludo.cl\/wp-content\/uploads\/2024\/09\/timbre-225-A.jpg\" \/>\n\t<meta property=\"og:image:width\" content=\"600\" \/>\n\t<meta property=\"og:image:height\" content=\"600\" \/>\n\t<meta property=\"og:image:type\" content=\"image\/jpeg\" \/>\n<meta name=\"twitter:card\" content=\"summary_large_image\" \/>\n<script type=\"application\/ld+json\" class=\"yoast-schema-graph\">{\"@context\":\"https:\/\/schema.org\",\"@graph\":[{\"@type\":\"WebPage\",\"@id\":\"https:\/\/uniformesludo.cl\/index.php\/producto\/huellero-tampon-dactilar-225\/\",\"url\":\"https:\/\/uniformesludo.cl\/index.php\/producto\/huellero-tampon-dactilar-225\/\",\"name\":\"Huellero Tamp\u00f3n Dactilar 225 - Uniformes Ludo\",\"isPartOf\":{\"@id\":\"https:\/\/uniformesludo.cl\/#website\"},\"primaryImageOfPage\":{\"@id\":\"https:\/\/uniformesludo.cl\/index.php\/producto\/huellero-tampon-dactilar-225\/#primaryimage\"},\"image\":{\"@id\":\"https:\/\/uniformesludo.cl\/index.php\/producto\/huellero-tampon-dactilar-225\/#primaryimage\"},\"thumbnailUrl\":\"https:\/\/uniformesludo.cl\/wp-content\/uploads\/2024\/09\/timbre-225-A.jpg\",\"datePublished\":\"2024-09-04T16:40:11+00:00\",\"dateModified\":\"2024-09-04T16:41:11+00:00\",\"breadcrumb\":{\"@id\":\"https:\/\/uniformesludo.cl\/index.php\/producto\/huellero-tampon-dactilar-225\/#breadcrumb\"},\"inLanguage\":\"es\",\"potentialAction\":[{\"@type\":\"ReadAction\",\"target\":[\"https:\/\/uniformesludo.cl\/index.php\/producto\/huellero-tampon-dactilar-225\/\"]}]},{\"@type\":\"ImageObject\",\"inLanguage\":\"es\",\"@id\":\"https:\/\/uniformesludo.cl\/index.php\/producto\/huellero-tampon-dactilar-225\/#primaryimage\",\"url\":\"https:\/\/uniformesludo.cl\/wp-content\/uploads\/2024\/09\/timbre-225-A.jpg\",\"contentUrl\":\"https:\/\/uniformesludo.cl\/wp-content\/uploads\/2024\/09\/timbre-225-A.jpg\",\"width\":600,\"height\":600},{\"@type\":\"BreadcrumbList\",\"@id\":\"https:\/\/uniformesludo.cl\/index.php\/producto\/huellero-tampon-dactilar-225\/#breadcrumb\",\"itemListElement\":[{\"@type\":\"ListItem\",\"position\":1,\"name\":\"Portada\",\"item\":\"https:\/\/uniformesludo.cl\/\"},{\"@type\":\"ListItem\",\"position\":2,\"name\":\"Tienda\",\"item\":\"https:\/\/uniformesludo.cl\/index.php\/tienda\/\"},{\"@type\":\"ListItem\",\"position\":3,\"name\":\"Huellero Tamp\u00f3n Dactilar 225\"}]},{\"@type\":\"WebSite\",\"@id\":\"https:\/\/uniformesludo.cl\/#website\",\"url\":\"https:\/\/uniformesludo.cl\/\",\"name\":\"Uniformes Ludo\",\"description\":\"Es una de las empresas comercializadoras de Ropa de trabajo, confecci\u00f3n, productos de protecci\u00f3n, prevenci\u00f3n y seguridad una de las m\u00e1s importantes de nuestro pa\u00eds, reconocida a nivel Nacional, con numerosos clientes a lo largo de Chile que avalan su compromiso de calidad. De igual forma, existe una permanente preocupaci\u00f3n por mantener un servicio integral de excelencia que permita identificarnos como \u201cel mejor equipo, la mejor empresa e inversi\u00f3n\u201d.\",\"potentialAction\":[{\"@type\":\"SearchAction\",\"target\":{\"@type\":\"EntryPoint\",\"urlTemplate\":\"https:\/\/uniformesludo.cl\/?s={search_term_string}\"},\"query-input\":{\"@type\":\"PropertyValueSpecification\",\"valueRequired\":true,\"valueName\":\"search_term_string\"}}],\"inLanguage\":\"es\"}]}<\/script>\n<!-- \/ Yoast SEO plugin. -->","yoast_head_json":{"title":"Huellero Tamp\u00f3n Dactilar 225 - Uniformes Ludo","robots":{"index":"index","follow":"follow","max-snippet":"max-snippet:-1","max-image-preview":"max-image-preview:large","max-video-preview":"max-video-preview:-1"},"canonical":"https:\/\/uniformesludo.cl\/index.php\/producto\/huellero-tampon-dactilar-225\/","og_locale":"es_ES","og_type":"article","og_title":"Huellero Tamp\u00f3n Dactilar 225 - Uniformes Ludo","og_description":"225  Tamp\u00f3n dactilar de estuche negro. Presentaci\u00f3n en bolsa individual.  Tinta de f\u00e1cil limpieza, durable y secado r\u00e1pido.  Tama\u00f1o Timbre: 71.3 x 71.6 x 17.8 mm.  Tama\u00f1o Placa: \u00d8 48 mm.  Cajas de 12 unidades por color.   NEGRO\u00a0\u00a0 \u00a0 \u00a0 \u00a0 \u00a0 \u00a0 \u00a0Almohadilla Tinta Negra\u00a0 \u00a0 \u00a0 \u00a0 \u00a0 \u00a0701020501","og_url":"https:\/\/uniformesludo.cl\/index.php\/producto\/huellero-tampon-dactilar-225\/","og_site_name":"Uniformes Ludo","article_modified_time":"2024-09-04T16:41:11+00:00","og_image":[{"width":600,"height":600,"url":"https:\/\/uniformesludo.cl\/wp-content\/uploads\/2024\/09\/timbre-225-A.jpg","type":"image\/jpeg"}],"twitter_card":"summary_large_image","schema":{"@context":"https:\/\/schema.org","@graph":[{"@type":"WebPage","@id":"https:\/\/uniformesludo.cl\/index.php\/producto\/huellero-tampon-dactilar-225\/","url":"https:\/\/uniformesludo.cl\/index.php\/producto\/huellero-tampon-dactilar-225\/","name":"Huellero Tamp\u00f3n Dactilar 225 - Uniformes Ludo","isPartOf":{"@id":"https:\/\/uniformesludo.cl\/#website"},"primaryImageOfPage":{"@id":"https:\/\/uniformesludo.cl\/index.php\/producto\/huellero-tampon-dactilar-225\/#primaryimage"},"image":{"@id":"https:\/\/uniformesludo.cl\/index.php\/producto\/huellero-tampon-dactilar-225\/#primaryimage"},"thumbnailUrl":"https:\/\/uniformesludo.cl\/wp-content\/uploads\/2024\/09\/timbre-225-A.jpg","datePublished":"2024-09-04T16:40:11+00:00","dateModified":"2024-09-04T16:41:11+00:00","breadcrumb":{"@id":"https:\/\/uniformesludo.cl\/index.php\/producto\/huellero-tampon-dactilar-225\/#breadcrumb"},"inLanguage":"es","potentialAction":[{"@type":"ReadAction","target":["https:\/\/uniformesludo.cl\/index.php\/producto\/huellero-tampon-dactilar-225\/"]}]},{"@type":"ImageObject","inLanguage":"es","@id":"https:\/\/uniformesludo.cl\/index.php\/producto\/huellero-tampon-dactilar-225\/#primaryimage","url":"https:\/\/uniformesludo.cl\/wp-content\/uploads\/2024\/09\/timbre-225-A.jpg","contentUrl":"https:\/\/uniformesludo.cl\/wp-content\/uploads\/2024\/09\/timbre-225-A.jpg","width":600,"height":600},{"@type":"BreadcrumbList","@id":"https:\/\/uniformesludo.cl\/index.php\/producto\/huellero-tampon-dactilar-225\/#breadcrumb","itemListElement":[{"@type":"ListItem","position":1,"name":"Portada","item":"https:\/\/uniformesludo.cl\/"},{"@type":"ListItem","position":2,"name":"Tienda","item":"https:\/\/uniformesludo.cl\/index.php\/tienda\/"},{"@type":"ListItem","position":3,"name":"Huellero Tamp\u00f3n Dactilar 225"}]},{"@type":"WebSite","@id":"https:\/\/uniformesludo.cl\/#website","url":"https:\/\/uniformesludo.cl\/","name":"Uniformes Ludo","description":"Es una de las empresas comercializadoras de Ropa de trabajo, confecci\u00f3n, productos de protecci\u00f3n, prevenci\u00f3n y seguridad una de las m\u00e1s importantes de nuestro pa\u00eds, reconocida a nivel Nacional, con numerosos clientes a lo largo de Chile que avalan su compromiso de calidad. De igual forma, existe una permanente preocupaci\u00f3n por mantener un servicio integral de excelencia que permita identificarnos como \u201cel mejor equipo, la mejor empresa e inversi\u00f3n\u201d.","potentialAction":[{"@type":"SearchAction","target":{"@type":"EntryPoint","urlTemplate":"https:\/\/uniformesludo.cl\/?s={search_term_string}"},"query-input":{"@type":"PropertyValueSpecification","valueRequired":true,"valueName":"search_term_string"}}],"inLanguage":"es"}]}},"_links":{"self":[{"href":"https:\/\/uniformesludo.cl\/index.php\/wp-json\/wp\/v2\/product\/10019279","targetHints":{"allow":["GET"]}}],"collection":[{"href":"https:\/\/uniformesludo.cl\/index.php\/wp-json\/wp\/v2\/product"}],"about":[{"href":"https:\/\/uniformesludo.cl\/index.php\/wp-json\/wp\/v2\/types\/product"}],"replies":[{"embeddable":true,"href":"https:\/\/uniformesludo.cl\/index.php\/wp-json\/wp\/v2\/comments?post=10019279"}],"wp:featuredmedia":[{"embeddable":true,"href":"https:\/\/uniformesludo.cl\/index.php\/wp-json\/wp\/v2\/media\/10019328"}],"wp:attachment":[{"href":"https:\/\/uniformesludo.cl\/index.php\/wp-json\/wp\/v2\/media?parent=10019279"}],"wp:term":[{"taxonomy":"product_brand","embeddable":true,"href":"https:\/\/uniformesludo.cl\/index.php\/wp-json\/wp\/v2\/product_brand?post=10019279"},{"taxonomy":"product_cat","embeddable":true,"href":"https:\/\/uniformesludo.cl\/index.php\/wp-json\/wp\/v2\/product_cat?post=10019279"},{"taxonomy":"product_tag","embeddable":true,"href":"https:\/\/uniformesludo.cl\/index.php\/wp-json\/wp\/v2\/product_tag?post=10019279"}],"curies":[{"name":"wp","href":"https:\/\/api.w.org\/{rel}","templated":true}]}}