{"id":10017603,"date":"2024-09-04T16:21:50","date_gmt":"2024-09-04T16:21:50","guid":{"rendered":"https:\/\/uniformesludo.cl\/?post_type=product&#038;p=10017603"},"modified":"2024-09-05T16:02:46","modified_gmt":"2024-09-05T16:02:46","slug":"envase-con-alcohol-gel-transportable-hanger-ah1","status":"publish","type":"product","link":"https:\/\/uniformesludo.cl\/index.php\/producto\/envase-con-alcohol-gel-transportable-hanger-ah1\/","title":{"rendered":"Envase con Alcohol gel Transportable Hanger AH1"},"content":{"rendered":"","protected":false},"excerpt":{"rendered":"<p><span style=\"color: #000080;\"><strong>AH1\u00a0<\/strong><\/span><\/p>\n<p><em>Envase de pl\u00e1stico duro con funda y cinta ajustable de silicona. Port\u00e1til para llevarlo en mochilas o carteras. Capacidad de 30ml. Incluye alcohol gel.<\/em><\/p>\n<p>Envase pl\u00e1stico con tapa rosca transparente y amarre hanger de goma en colores.<\/p>\n<p>Alcohol Gel al 70% ideal para la desinfecci\u00f3n de manos y antebrazos. Elimina el 99% de virus y bacterias.<\/p>\n<p>Tama\u00f1o cara frontal pl\u00e1stica:<\/p>\n<p>2,8 cms abajo<br \/>\n2,2 cms arriba<br \/>\n5 cms de largo<\/p>\n<p>Recomendamos hacer la etiqueta transparente y 5 mm. m\u00e1s peque\u00f1a que estas medidas.<\/p>\n<p>Presentaci\u00f3n en 5 colores:<\/p>\n<p>Cajas de 500 unds. por color.<\/p>\n","protected":false},"featured_media":10022124,"comment_status":"closed","ping_status":"closed","template":"","meta":[],"product_brand":[],"product_cat":[834,578,662,841,589,835,842,664,556],"product_tag":[],"class_list":{"0":"post-10017603","1":"product","2":"type-product","3":"status-publish","4":"has-post-thumbnail","6":"product_cat-accesorios-articulos-covid","7":"product_cat-accesorios-herramientas","8":"product_cat-alcohol","9":"product_cat-atomizadores-de-mano","10":"product_cat-belleza-y-salud","11":"product_cat-dispensador","12":"product_cat-envases-y-atomizadores","13":"product_cat-jabon-liquido-y-sanitizante","14":"product_cat-mochilas-bolsos-bananos-morrales","16":"first","17":"instock","18":"shipping-taxable","19":"purchasable","20":"product-type-variable"},"aioseo_notices":[],"yoast_head":"<!-- This site is optimized with the Yoast SEO plugin v26.5 - https:\/\/yoast.com\/wordpress\/plugins\/seo\/ -->\n<title>Envase con Alcohol gel Transportable Hanger AH1 - Uniformes Ludo<\/title>\n<meta name=\"robots\" content=\"index, follow, max-snippet:-1, max-image-preview:large, max-video-preview:-1\" \/>\n<link rel=\"canonical\" href=\"https:\/\/uniformesludo.cl\/index.php\/producto\/envase-con-alcohol-gel-transportable-hanger-ah1\/\" \/>\n<meta property=\"og:locale\" content=\"es_ES\" \/>\n<meta property=\"og:type\" content=\"article\" \/>\n<meta property=\"og:title\" content=\"Envase con Alcohol gel Transportable Hanger AH1 - Uniformes Ludo\" \/>\n<meta property=\"og:description\" content=\"AH1\u00a0  Envase de pl\u00e1stico duro con funda y cinta ajustable de silicona. Port\u00e1til para llevarlo en mochilas o carteras. Capacidad de 30ml. Incluye alcohol gel.  Envase pl\u00e1stico con tapa rosca transparente y amarre hanger de goma en colores.  Alcohol Gel al 70% ideal para la desinfecci\u00f3n de manos y antebrazos. Elimina el 99% de virus y bacterias.  Tama\u00f1o cara frontal pl\u00e1stica:  2,8 cms abajo 2,2 cms arriba 5 cms de largo  Recomendamos hacer la etiqueta transparente y 5 mm. m\u00e1s peque\u00f1a que estas medidas.  Presentaci\u00f3n en 5 colores:  Cajas de 500 unds. por color.\" \/>\n<meta property=\"og:url\" content=\"https:\/\/uniformesludo.cl\/index.php\/producto\/envase-con-alcohol-gel-transportable-hanger-ah1\/\" \/>\n<meta property=\"og:site_name\" content=\"Uniformes Ludo\" \/>\n<meta property=\"article:modified_time\" content=\"2024-09-05T16:02:46+00:00\" \/>\n<meta property=\"og:image\" content=\"https:\/\/uniformesludo.cl\/wp-content\/uploads\/2024\/09\/HANGER-PORTADA_A-1.jpg\" \/>\n\t<meta property=\"og:image:width\" content=\"600\" \/>\n\t<meta property=\"og:image:height\" content=\"394\" \/>\n\t<meta property=\"og:image:type\" content=\"image\/jpeg\" \/>\n<meta name=\"twitter:card\" content=\"summary_large_image\" \/>\n<script type=\"application\/ld+json\" class=\"yoast-schema-graph\">{\"@context\":\"https:\/\/schema.org\",\"@graph\":[{\"@type\":\"WebPage\",\"@id\":\"https:\/\/uniformesludo.cl\/index.php\/producto\/envase-con-alcohol-gel-transportable-hanger-ah1\/\",\"url\":\"https:\/\/uniformesludo.cl\/index.php\/producto\/envase-con-alcohol-gel-transportable-hanger-ah1\/\",\"name\":\"Envase con Alcohol gel Transportable Hanger AH1 - Uniformes Ludo\",\"isPartOf\":{\"@id\":\"https:\/\/uniformesludo.cl\/#website\"},\"primaryImageOfPage\":{\"@id\":\"https:\/\/uniformesludo.cl\/index.php\/producto\/envase-con-alcohol-gel-transportable-hanger-ah1\/#primaryimage\"},\"image\":{\"@id\":\"https:\/\/uniformesludo.cl\/index.php\/producto\/envase-con-alcohol-gel-transportable-hanger-ah1\/#primaryimage\"},\"thumbnailUrl\":\"https:\/\/uniformesludo.cl\/wp-content\/uploads\/2024\/09\/HANGER-PORTADA_A-1.jpg\",\"datePublished\":\"2024-09-04T16:21:50+00:00\",\"dateModified\":\"2024-09-05T16:02:46+00:00\",\"breadcrumb\":{\"@id\":\"https:\/\/uniformesludo.cl\/index.php\/producto\/envase-con-alcohol-gel-transportable-hanger-ah1\/#breadcrumb\"},\"inLanguage\":\"es\",\"potentialAction\":[{\"@type\":\"ReadAction\",\"target\":[\"https:\/\/uniformesludo.cl\/index.php\/producto\/envase-con-alcohol-gel-transportable-hanger-ah1\/\"]}]},{\"@type\":\"ImageObject\",\"inLanguage\":\"es\",\"@id\":\"https:\/\/uniformesludo.cl\/index.php\/producto\/envase-con-alcohol-gel-transportable-hanger-ah1\/#primaryimage\",\"url\":\"https:\/\/uniformesludo.cl\/wp-content\/uploads\/2024\/09\/HANGER-PORTADA_A-1.jpg\",\"contentUrl\":\"https:\/\/uniformesludo.cl\/wp-content\/uploads\/2024\/09\/HANGER-PORTADA_A-1.jpg\",\"width\":600,\"height\":394},{\"@type\":\"BreadcrumbList\",\"@id\":\"https:\/\/uniformesludo.cl\/index.php\/producto\/envase-con-alcohol-gel-transportable-hanger-ah1\/#breadcrumb\",\"itemListElement\":[{\"@type\":\"ListItem\",\"position\":1,\"name\":\"Portada\",\"item\":\"https:\/\/uniformesludo.cl\/\"},{\"@type\":\"ListItem\",\"position\":2,\"name\":\"Tienda\",\"item\":\"https:\/\/uniformesludo.cl\/index.php\/tienda\/\"},{\"@type\":\"ListItem\",\"position\":3,\"name\":\"Envase con Alcohol gel Transportable Hanger AH1\"}]},{\"@type\":\"WebSite\",\"@id\":\"https:\/\/uniformesludo.cl\/#website\",\"url\":\"https:\/\/uniformesludo.cl\/\",\"name\":\"Uniformes Ludo\",\"description\":\"Es una de las empresas comercializadoras de Ropa de trabajo, confecci\u00f3n, productos de protecci\u00f3n, prevenci\u00f3n y seguridad una de las m\u00e1s importantes de nuestro pa\u00eds, reconocida a nivel Nacional, con numerosos clientes a lo largo de Chile que avalan su compromiso de calidad. De igual forma, existe una permanente preocupaci\u00f3n por mantener un servicio integral de excelencia que permita identificarnos como \u201cel mejor equipo, la mejor empresa e inversi\u00f3n\u201d.\",\"potentialAction\":[{\"@type\":\"SearchAction\",\"target\":{\"@type\":\"EntryPoint\",\"urlTemplate\":\"https:\/\/uniformesludo.cl\/?s={search_term_string}\"},\"query-input\":{\"@type\":\"PropertyValueSpecification\",\"valueRequired\":true,\"valueName\":\"search_term_string\"}}],\"inLanguage\":\"es\"}]}<\/script>\n<!-- \/ Yoast SEO plugin. -->","yoast_head_json":{"title":"Envase con Alcohol gel Transportable Hanger AH1 - Uniformes Ludo","robots":{"index":"index","follow":"follow","max-snippet":"max-snippet:-1","max-image-preview":"max-image-preview:large","max-video-preview":"max-video-preview:-1"},"canonical":"https:\/\/uniformesludo.cl\/index.php\/producto\/envase-con-alcohol-gel-transportable-hanger-ah1\/","og_locale":"es_ES","og_type":"article","og_title":"Envase con Alcohol gel Transportable Hanger AH1 - Uniformes Ludo","og_description":"AH1\u00a0  Envase de pl\u00e1stico duro con funda y cinta ajustable de silicona. Port\u00e1til para llevarlo en mochilas o carteras. Capacidad de 30ml. Incluye alcohol gel.  Envase pl\u00e1stico con tapa rosca transparente y amarre hanger de goma en colores.  Alcohol Gel al 70% ideal para la desinfecci\u00f3n de manos y antebrazos. Elimina el 99% de virus y bacterias.  Tama\u00f1o cara frontal pl\u00e1stica:  2,8 cms abajo 2,2 cms arriba 5 cms de largo  Recomendamos hacer la etiqueta transparente y 5 mm. m\u00e1s peque\u00f1a que estas medidas.  Presentaci\u00f3n en 5 colores:  Cajas de 500 unds. por color.","og_url":"https:\/\/uniformesludo.cl\/index.php\/producto\/envase-con-alcohol-gel-transportable-hanger-ah1\/","og_site_name":"Uniformes Ludo","article_modified_time":"2024-09-05T16:02:46+00:00","og_image":[{"width":600,"height":394,"url":"https:\/\/uniformesludo.cl\/wp-content\/uploads\/2024\/09\/HANGER-PORTADA_A-1.jpg","type":"image\/jpeg"}],"twitter_card":"summary_large_image","schema":{"@context":"https:\/\/schema.org","@graph":[{"@type":"WebPage","@id":"https:\/\/uniformesludo.cl\/index.php\/producto\/envase-con-alcohol-gel-transportable-hanger-ah1\/","url":"https:\/\/uniformesludo.cl\/index.php\/producto\/envase-con-alcohol-gel-transportable-hanger-ah1\/","name":"Envase con Alcohol gel Transportable Hanger AH1 - Uniformes Ludo","isPartOf":{"@id":"https:\/\/uniformesludo.cl\/#website"},"primaryImageOfPage":{"@id":"https:\/\/uniformesludo.cl\/index.php\/producto\/envase-con-alcohol-gel-transportable-hanger-ah1\/#primaryimage"},"image":{"@id":"https:\/\/uniformesludo.cl\/index.php\/producto\/envase-con-alcohol-gel-transportable-hanger-ah1\/#primaryimage"},"thumbnailUrl":"https:\/\/uniformesludo.cl\/wp-content\/uploads\/2024\/09\/HANGER-PORTADA_A-1.jpg","datePublished":"2024-09-04T16:21:50+00:00","dateModified":"2024-09-05T16:02:46+00:00","breadcrumb":{"@id":"https:\/\/uniformesludo.cl\/index.php\/producto\/envase-con-alcohol-gel-transportable-hanger-ah1\/#breadcrumb"},"inLanguage":"es","potentialAction":[{"@type":"ReadAction","target":["https:\/\/uniformesludo.cl\/index.php\/producto\/envase-con-alcohol-gel-transportable-hanger-ah1\/"]}]},{"@type":"ImageObject","inLanguage":"es","@id":"https:\/\/uniformesludo.cl\/index.php\/producto\/envase-con-alcohol-gel-transportable-hanger-ah1\/#primaryimage","url":"https:\/\/uniformesludo.cl\/wp-content\/uploads\/2024\/09\/HANGER-PORTADA_A-1.jpg","contentUrl":"https:\/\/uniformesludo.cl\/wp-content\/uploads\/2024\/09\/HANGER-PORTADA_A-1.jpg","width":600,"height":394},{"@type":"BreadcrumbList","@id":"https:\/\/uniformesludo.cl\/index.php\/producto\/envase-con-alcohol-gel-transportable-hanger-ah1\/#breadcrumb","itemListElement":[{"@type":"ListItem","position":1,"name":"Portada","item":"https:\/\/uniformesludo.cl\/"},{"@type":"ListItem","position":2,"name":"Tienda","item":"https:\/\/uniformesludo.cl\/index.php\/tienda\/"},{"@type":"ListItem","position":3,"name":"Envase con Alcohol gel Transportable Hanger AH1"}]},{"@type":"WebSite","@id":"https:\/\/uniformesludo.cl\/#website","url":"https:\/\/uniformesludo.cl\/","name":"Uniformes Ludo","description":"Es una de las empresas comercializadoras de Ropa de trabajo, confecci\u00f3n, productos de protecci\u00f3n, prevenci\u00f3n y seguridad una de las m\u00e1s importantes de nuestro pa\u00eds, reconocida a nivel Nacional, con numerosos clientes a lo largo de Chile que avalan su compromiso de calidad. De igual forma, existe una permanente preocupaci\u00f3n por mantener un servicio integral de excelencia que permita identificarnos como \u201cel mejor equipo, la mejor empresa e inversi\u00f3n\u201d.","potentialAction":[{"@type":"SearchAction","target":{"@type":"EntryPoint","urlTemplate":"https:\/\/uniformesludo.cl\/?s={search_term_string}"},"query-input":{"@type":"PropertyValueSpecification","valueRequired":true,"valueName":"search_term_string"}}],"inLanguage":"es"}]}},"_links":{"self":[{"href":"https:\/\/uniformesludo.cl\/index.php\/wp-json\/wp\/v2\/product\/10017603","targetHints":{"allow":["GET"]}}],"collection":[{"href":"https:\/\/uniformesludo.cl\/index.php\/wp-json\/wp\/v2\/product"}],"about":[{"href":"https:\/\/uniformesludo.cl\/index.php\/wp-json\/wp\/v2\/types\/product"}],"replies":[{"embeddable":true,"href":"https:\/\/uniformesludo.cl\/index.php\/wp-json\/wp\/v2\/comments?post=10017603"}],"wp:featuredmedia":[{"embeddable":true,"href":"https:\/\/uniformesludo.cl\/index.php\/wp-json\/wp\/v2\/media\/10022124"}],"wp:attachment":[{"href":"https:\/\/uniformesludo.cl\/index.php\/wp-json\/wp\/v2\/media?parent=10017603"}],"wp:term":[{"taxonomy":"product_brand","embeddable":true,"href":"https:\/\/uniformesludo.cl\/index.php\/wp-json\/wp\/v2\/product_brand?post=10017603"},{"taxonomy":"product_cat","embeddable":true,"href":"https:\/\/uniformesludo.cl\/index.php\/wp-json\/wp\/v2\/product_cat?post=10017603"},{"taxonomy":"product_tag","embeddable":true,"href":"https:\/\/uniformesludo.cl\/index.php\/wp-json\/wp\/v2\/product_tag?post=10017603"}],"curies":[{"name":"wp","href":"https:\/\/api.w.org\/{rel}","templated":true}]}}