{"id":10017459,"date":"2024-09-04T16:19:38","date_gmt":"2024-09-04T16:19:38","guid":{"rendered":"https:\/\/uniformesludo.cl\/?post_type=product&#038;p=10017459"},"modified":"2024-09-04T16:20:01","modified_gmt":"2024-09-04T16:20:01","slug":"pulverizador-8-litros","status":"publish","type":"product","link":"https:\/\/uniformesludo.cl\/index.php\/producto\/pulverizador-8-litros\/","title":{"rendered":"Pulverizador 8 Litros"},"content":{"rendered":"","protected":false},"excerpt":{"rendered":"<p>Pulverizador de presi\u00f3n de aire, Ideal para Sanitizaci\u00f3n de espacios, plantas, ventanas, pisos y cielos<\/p>\n<p>Capacidad: 8 litros<\/p>\n<p>Presi\u00f3n normal: 0.2-0.3 Mpa<\/p>\n<p>Contiene:<\/p>\n<ul>\n<li>Lanza de pulverizaci\u00f3n para llegar a lugares inc\u00f3modos<\/li>\n<li>Correa de hombro para facilitar su uso.<\/li>\n<li>Boquilla totalmente ajustable<\/li>\n<li>Bloqueo del gatillo<\/li>\n<li>Mecanismo de bomba de servicio pesado<\/li>\n<\/ul>\n<p>Ideal para rociar agua, fertilizantes, herbicidas, pesticidas, herbicidas y detergentes.<\/p>\n<p>C\u00f3digo: 6030200520<\/p>\n<p>&nbsp;<\/p>\n","protected":false},"featured_media":10017489,"comment_status":"closed","ping_status":"closed","template":"","meta":[],"product_brand":[],"product_cat":[833],"product_tag":[],"class_list":{"0":"post-10017459","1":"product","2":"type-product","3":"status-publish","4":"has-post-thumbnail","6":"product_cat-pulverizador","8":"first","9":"instock","10":"shipping-taxable","11":"product-type-simple"},"aioseo_notices":[],"yoast_head":"<!-- This site is optimized with the Yoast SEO plugin v26.5 - https:\/\/yoast.com\/wordpress\/plugins\/seo\/ -->\n<title>Pulverizador 8 Litros - Uniformes Ludo<\/title>\n<meta name=\"robots\" content=\"index, follow, max-snippet:-1, max-image-preview:large, max-video-preview:-1\" \/>\n<link rel=\"canonical\" href=\"https:\/\/uniformesludo.cl\/index.php\/producto\/pulverizador-8-litros\/\" \/>\n<meta property=\"og:locale\" content=\"es_ES\" \/>\n<meta property=\"og:type\" content=\"article\" \/>\n<meta property=\"og:title\" content=\"Pulverizador 8 Litros - Uniformes Ludo\" \/>\n<meta property=\"og:description\" content=\"Pulverizador de presi\u00f3n de aire, Ideal para Sanitizaci\u00f3n de espacios, plantas, ventanas, pisos y cielos  Capacidad: 8 litros  Presi\u00f3n normal: 0.2-0.3 Mpa  Contiene:   Lanza de pulverizaci\u00f3n para llegar a lugares inc\u00f3modos  Correa de hombro para facilitar su uso.  Boquilla totalmente ajustable  Bloqueo del gatillo  Mecanismo de bomba de servicio pesado  Ideal para rociar agua, fertilizantes, herbicidas, pesticidas, herbicidas y detergentes.  C\u00f3digo: 6030200520  &nbsp;\" \/>\n<meta property=\"og:url\" content=\"https:\/\/uniformesludo.cl\/index.php\/producto\/pulverizador-8-litros\/\" \/>\n<meta property=\"og:site_name\" content=\"Uniformes Ludo\" \/>\n<meta property=\"article:modified_time\" content=\"2024-09-04T16:20:01+00:00\" \/>\n<meta property=\"og:image\" content=\"https:\/\/uniformesludo.cl\/wp-content\/uploads\/2024\/09\/Pulverizador-dimensiones.jpg\" \/>\n\t<meta property=\"og:image:width\" content=\"600\" \/>\n\t<meta property=\"og:image:height\" content=\"600\" \/>\n\t<meta property=\"og:image:type\" content=\"image\/jpeg\" \/>\n<meta name=\"twitter:card\" content=\"summary_large_image\" \/>\n<script type=\"application\/ld+json\" class=\"yoast-schema-graph\">{\"@context\":\"https:\/\/schema.org\",\"@graph\":[{\"@type\":\"WebPage\",\"@id\":\"https:\/\/uniformesludo.cl\/index.php\/producto\/pulverizador-8-litros\/\",\"url\":\"https:\/\/uniformesludo.cl\/index.php\/producto\/pulverizador-8-litros\/\",\"name\":\"Pulverizador 8 Litros - Uniformes Ludo\",\"isPartOf\":{\"@id\":\"https:\/\/uniformesludo.cl\/#website\"},\"primaryImageOfPage\":{\"@id\":\"https:\/\/uniformesludo.cl\/index.php\/producto\/pulverizador-8-litros\/#primaryimage\"},\"image\":{\"@id\":\"https:\/\/uniformesludo.cl\/index.php\/producto\/pulverizador-8-litros\/#primaryimage\"},\"thumbnailUrl\":\"https:\/\/uniformesludo.cl\/wp-content\/uploads\/2024\/09\/Pulverizador-dimensiones.jpg\",\"datePublished\":\"2024-09-04T16:19:38+00:00\",\"dateModified\":\"2024-09-04T16:20:01+00:00\",\"breadcrumb\":{\"@id\":\"https:\/\/uniformesludo.cl\/index.php\/producto\/pulverizador-8-litros\/#breadcrumb\"},\"inLanguage\":\"es\",\"potentialAction\":[{\"@type\":\"ReadAction\",\"target\":[\"https:\/\/uniformesludo.cl\/index.php\/producto\/pulverizador-8-litros\/\"]}]},{\"@type\":\"ImageObject\",\"inLanguage\":\"es\",\"@id\":\"https:\/\/uniformesludo.cl\/index.php\/producto\/pulverizador-8-litros\/#primaryimage\",\"url\":\"https:\/\/uniformesludo.cl\/wp-content\/uploads\/2024\/09\/Pulverizador-dimensiones.jpg\",\"contentUrl\":\"https:\/\/uniformesludo.cl\/wp-content\/uploads\/2024\/09\/Pulverizador-dimensiones.jpg\",\"width\":600,\"height\":600},{\"@type\":\"BreadcrumbList\",\"@id\":\"https:\/\/uniformesludo.cl\/index.php\/producto\/pulverizador-8-litros\/#breadcrumb\",\"itemListElement\":[{\"@type\":\"ListItem\",\"position\":1,\"name\":\"Portada\",\"item\":\"https:\/\/uniformesludo.cl\/\"},{\"@type\":\"ListItem\",\"position\":2,\"name\":\"Tienda\",\"item\":\"https:\/\/uniformesludo.cl\/index.php\/tienda\/\"},{\"@type\":\"ListItem\",\"position\":3,\"name\":\"Pulverizador 8 Litros\"}]},{\"@type\":\"WebSite\",\"@id\":\"https:\/\/uniformesludo.cl\/#website\",\"url\":\"https:\/\/uniformesludo.cl\/\",\"name\":\"Uniformes Ludo\",\"description\":\"Es una de las empresas comercializadoras de Ropa de trabajo, confecci\u00f3n, productos de protecci\u00f3n, prevenci\u00f3n y seguridad una de las m\u00e1s importantes de nuestro pa\u00eds, reconocida a nivel Nacional, con numerosos clientes a lo largo de Chile que avalan su compromiso de calidad. De igual forma, existe una permanente preocupaci\u00f3n por mantener un servicio integral de excelencia que permita identificarnos como \u201cel mejor equipo, la mejor empresa e inversi\u00f3n\u201d.\",\"potentialAction\":[{\"@type\":\"SearchAction\",\"target\":{\"@type\":\"EntryPoint\",\"urlTemplate\":\"https:\/\/uniformesludo.cl\/?s={search_term_string}\"},\"query-input\":{\"@type\":\"PropertyValueSpecification\",\"valueRequired\":true,\"valueName\":\"search_term_string\"}}],\"inLanguage\":\"es\"}]}<\/script>\n<!-- \/ Yoast SEO plugin. -->","yoast_head_json":{"title":"Pulverizador 8 Litros - Uniformes Ludo","robots":{"index":"index","follow":"follow","max-snippet":"max-snippet:-1","max-image-preview":"max-image-preview:large","max-video-preview":"max-video-preview:-1"},"canonical":"https:\/\/uniformesludo.cl\/index.php\/producto\/pulverizador-8-litros\/","og_locale":"es_ES","og_type":"article","og_title":"Pulverizador 8 Litros - Uniformes Ludo","og_description":"Pulverizador de presi\u00f3n de aire, Ideal para Sanitizaci\u00f3n de espacios, plantas, ventanas, pisos y cielos  Capacidad: 8 litros  Presi\u00f3n normal: 0.2-0.3 Mpa  Contiene:   Lanza de pulverizaci\u00f3n para llegar a lugares inc\u00f3modos  Correa de hombro para facilitar su uso.  Boquilla totalmente ajustable  Bloqueo del gatillo  Mecanismo de bomba de servicio pesado  Ideal para rociar agua, fertilizantes, herbicidas, pesticidas, herbicidas y detergentes.  C\u00f3digo: 6030200520  &nbsp;","og_url":"https:\/\/uniformesludo.cl\/index.php\/producto\/pulverizador-8-litros\/","og_site_name":"Uniformes Ludo","article_modified_time":"2024-09-04T16:20:01+00:00","og_image":[{"width":600,"height":600,"url":"https:\/\/uniformesludo.cl\/wp-content\/uploads\/2024\/09\/Pulverizador-dimensiones.jpg","type":"image\/jpeg"}],"twitter_card":"summary_large_image","schema":{"@context":"https:\/\/schema.org","@graph":[{"@type":"WebPage","@id":"https:\/\/uniformesludo.cl\/index.php\/producto\/pulverizador-8-litros\/","url":"https:\/\/uniformesludo.cl\/index.php\/producto\/pulverizador-8-litros\/","name":"Pulverizador 8 Litros - Uniformes Ludo","isPartOf":{"@id":"https:\/\/uniformesludo.cl\/#website"},"primaryImageOfPage":{"@id":"https:\/\/uniformesludo.cl\/index.php\/producto\/pulverizador-8-litros\/#primaryimage"},"image":{"@id":"https:\/\/uniformesludo.cl\/index.php\/producto\/pulverizador-8-litros\/#primaryimage"},"thumbnailUrl":"https:\/\/uniformesludo.cl\/wp-content\/uploads\/2024\/09\/Pulverizador-dimensiones.jpg","datePublished":"2024-09-04T16:19:38+00:00","dateModified":"2024-09-04T16:20:01+00:00","breadcrumb":{"@id":"https:\/\/uniformesludo.cl\/index.php\/producto\/pulverizador-8-litros\/#breadcrumb"},"inLanguage":"es","potentialAction":[{"@type":"ReadAction","target":["https:\/\/uniformesludo.cl\/index.php\/producto\/pulverizador-8-litros\/"]}]},{"@type":"ImageObject","inLanguage":"es","@id":"https:\/\/uniformesludo.cl\/index.php\/producto\/pulverizador-8-litros\/#primaryimage","url":"https:\/\/uniformesludo.cl\/wp-content\/uploads\/2024\/09\/Pulverizador-dimensiones.jpg","contentUrl":"https:\/\/uniformesludo.cl\/wp-content\/uploads\/2024\/09\/Pulverizador-dimensiones.jpg","width":600,"height":600},{"@type":"BreadcrumbList","@id":"https:\/\/uniformesludo.cl\/index.php\/producto\/pulverizador-8-litros\/#breadcrumb","itemListElement":[{"@type":"ListItem","position":1,"name":"Portada","item":"https:\/\/uniformesludo.cl\/"},{"@type":"ListItem","position":2,"name":"Tienda","item":"https:\/\/uniformesludo.cl\/index.php\/tienda\/"},{"@type":"ListItem","position":3,"name":"Pulverizador 8 Litros"}]},{"@type":"WebSite","@id":"https:\/\/uniformesludo.cl\/#website","url":"https:\/\/uniformesludo.cl\/","name":"Uniformes Ludo","description":"Es una de las empresas comercializadoras de Ropa de trabajo, confecci\u00f3n, productos de protecci\u00f3n, prevenci\u00f3n y seguridad una de las m\u00e1s importantes de nuestro pa\u00eds, reconocida a nivel Nacional, con numerosos clientes a lo largo de Chile que avalan su compromiso de calidad. De igual forma, existe una permanente preocupaci\u00f3n por mantener un servicio integral de excelencia que permita identificarnos como \u201cel mejor equipo, la mejor empresa e inversi\u00f3n\u201d.","potentialAction":[{"@type":"SearchAction","target":{"@type":"EntryPoint","urlTemplate":"https:\/\/uniformesludo.cl\/?s={search_term_string}"},"query-input":{"@type":"PropertyValueSpecification","valueRequired":true,"valueName":"search_term_string"}}],"inLanguage":"es"}]}},"_links":{"self":[{"href":"https:\/\/uniformesludo.cl\/index.php\/wp-json\/wp\/v2\/product\/10017459","targetHints":{"allow":["GET"]}}],"collection":[{"href":"https:\/\/uniformesludo.cl\/index.php\/wp-json\/wp\/v2\/product"}],"about":[{"href":"https:\/\/uniformesludo.cl\/index.php\/wp-json\/wp\/v2\/types\/product"}],"replies":[{"embeddable":true,"href":"https:\/\/uniformesludo.cl\/index.php\/wp-json\/wp\/v2\/comments?post=10017459"}],"wp:featuredmedia":[{"embeddable":true,"href":"https:\/\/uniformesludo.cl\/index.php\/wp-json\/wp\/v2\/media\/10017489"}],"wp:attachment":[{"href":"https:\/\/uniformesludo.cl\/index.php\/wp-json\/wp\/v2\/media?parent=10017459"}],"wp:term":[{"taxonomy":"product_brand","embeddable":true,"href":"https:\/\/uniformesludo.cl\/index.php\/wp-json\/wp\/v2\/product_brand?post=10017459"},{"taxonomy":"product_cat","embeddable":true,"href":"https:\/\/uniformesludo.cl\/index.php\/wp-json\/wp\/v2\/product_cat?post=10017459"},{"taxonomy":"product_tag","embeddable":true,"href":"https:\/\/uniformesludo.cl\/index.php\/wp-json\/wp\/v2\/product_tag?post=10017459"}],"curies":[{"name":"wp","href":"https:\/\/api.w.org\/{rel}","templated":true}]}}