{"id":10017333,"date":"2024-09-04T16:17:58","date_gmt":"2024-09-04T16:17:58","guid":{"rendered":"https:\/\/uniformesludo.cl\/?post_type=product&#038;p=10017333"},"modified":"2024-09-05T17:15:40","modified_gmt":"2024-09-05T17:15:40","slug":"placas-aluminio-bicapa","status":"publish","type":"product","link":"https:\/\/uniformesludo.cl\/index.php\/producto\/placas-aluminio-bicapa\/","title":{"rendered":"Placas Aluminio Bicapa"},"content":{"rendered":"","protected":false},"excerpt":{"rendered":"<p><span style=\"color: #000080;\"><strong>BI-CAPA<\/strong><\/span><\/p>\n<p>Dimensiones: 300 mm. x 600 mm. x 0.5 mm.<\/p>\n<p>Placa Oro \/ Grabado Negro\u00a0 \u00a0 \u00a0 \u00a0 \u00a0 \u00a0(<strong>14540<\/strong>)\u00a0 \u00a0 \u00a0591095422<\/p>\n<p>Placa Plata \/ Grabado Negro\u00a0 \u00a0 \u00a0 \u00a0 \u00a0(<strong>14541<\/strong>)\u00a0 \u00a0 \u00a0591095423<\/p>\n<p>Placa Negra \/ Grabado Dorado\u00a0 \u00a0 \u00a0 (<strong>14543<\/strong>)\u00a0 \u00a0 \u00a0591095424<\/p>\n<p>Placa Negra \/ Grabado Plateado\u00a0 \u00a0 (<strong>14544<\/strong>)\u00a0 \u00a0 \u00a0591095421<\/p>\n<p>Placa Blanca \/ Grabado Negro\u00a0 \u00a0 \u00a0 \u00a0(<strong>15000<\/strong>)\u00a0 \u00a0 \u00a0591095425<\/p>\n","protected":false},"featured_media":10017377,"comment_status":"closed","ping_status":"closed","template":"","meta":[],"product_brand":[],"product_cat":[682,691],"product_tag":[],"class_list":{"0":"post-10017333","1":"product","2":"type-product","3":"status-publish","4":"has-post-thumbnail","6":"product_cat-insumos","7":"product_cat-placas","9":"first","10":"instock","11":"shipping-taxable","12":"purchasable","13":"product-type-variable"},"aioseo_notices":[],"yoast_head":"<!-- This site is optimized with the Yoast SEO plugin v26.5 - https:\/\/yoast.com\/wordpress\/plugins\/seo\/ -->\n<title>Placas Aluminio Bicapa - Uniformes Ludo<\/title>\n<meta name=\"robots\" content=\"index, follow, max-snippet:-1, max-image-preview:large, max-video-preview:-1\" \/>\n<link rel=\"canonical\" href=\"https:\/\/uniformesludo.cl\/index.php\/producto\/placas-aluminio-bicapa\/\" \/>\n<meta property=\"og:locale\" content=\"es_ES\" \/>\n<meta property=\"og:type\" content=\"article\" \/>\n<meta property=\"og:title\" content=\"Placas Aluminio Bicapa - Uniformes Ludo\" \/>\n<meta property=\"og:description\" content=\"BI-CAPA  Dimensiones: 300 mm. x 600 mm. x 0.5 mm.  Placa Oro \/ Grabado Negro\u00a0 \u00a0 \u00a0 \u00a0 \u00a0 \u00a0(14540)\u00a0 \u00a0 \u00a0591095422  Placa Plata \/ Grabado Negro\u00a0 \u00a0 \u00a0 \u00a0 \u00a0(14541)\u00a0 \u00a0 \u00a0591095423  Placa Negra \/ Grabado Dorado\u00a0 \u00a0 \u00a0 (14543)\u00a0 \u00a0 \u00a0591095424  Placa Negra \/ Grabado Plateado\u00a0 \u00a0 (14544)\u00a0 \u00a0 \u00a0591095421  Placa Blanca \/ Grabado Negro\u00a0 \u00a0 \u00a0 \u00a0(15000)\u00a0 \u00a0 \u00a0591095425\" \/>\n<meta property=\"og:url\" content=\"https:\/\/uniformesludo.cl\/index.php\/producto\/placas-aluminio-bicapa\/\" \/>\n<meta property=\"og:site_name\" content=\"Uniformes Ludo\" \/>\n<meta property=\"article:modified_time\" content=\"2024-09-05T17:15:40+00:00\" \/>\n<meta property=\"og:image\" content=\"https:\/\/uniformesludo.cl\/wp-content\/uploads\/2024\/09\/Bicapa-Portada.jpg\" \/>\n\t<meta property=\"og:image:width\" content=\"1500\" \/>\n\t<meta property=\"og:image:height\" content=\"1500\" \/>\n\t<meta property=\"og:image:type\" content=\"image\/jpeg\" \/>\n<meta name=\"twitter:card\" content=\"summary_large_image\" \/>\n<script type=\"application\/ld+json\" class=\"yoast-schema-graph\">{\"@context\":\"https:\/\/schema.org\",\"@graph\":[{\"@type\":\"WebPage\",\"@id\":\"https:\/\/uniformesludo.cl\/index.php\/producto\/placas-aluminio-bicapa\/\",\"url\":\"https:\/\/uniformesludo.cl\/index.php\/producto\/placas-aluminio-bicapa\/\",\"name\":\"Placas Aluminio Bicapa - Uniformes Ludo\",\"isPartOf\":{\"@id\":\"https:\/\/uniformesludo.cl\/#website\"},\"primaryImageOfPage\":{\"@id\":\"https:\/\/uniformesludo.cl\/index.php\/producto\/placas-aluminio-bicapa\/#primaryimage\"},\"image\":{\"@id\":\"https:\/\/uniformesludo.cl\/index.php\/producto\/placas-aluminio-bicapa\/#primaryimage\"},\"thumbnailUrl\":\"https:\/\/uniformesludo.cl\/wp-content\/uploads\/2024\/09\/Bicapa-Portada.jpg\",\"datePublished\":\"2024-09-04T16:17:58+00:00\",\"dateModified\":\"2024-09-05T17:15:40+00:00\",\"breadcrumb\":{\"@id\":\"https:\/\/uniformesludo.cl\/index.php\/producto\/placas-aluminio-bicapa\/#breadcrumb\"},\"inLanguage\":\"es\",\"potentialAction\":[{\"@type\":\"ReadAction\",\"target\":[\"https:\/\/uniformesludo.cl\/index.php\/producto\/placas-aluminio-bicapa\/\"]}]},{\"@type\":\"ImageObject\",\"inLanguage\":\"es\",\"@id\":\"https:\/\/uniformesludo.cl\/index.php\/producto\/placas-aluminio-bicapa\/#primaryimage\",\"url\":\"https:\/\/uniformesludo.cl\/wp-content\/uploads\/2024\/09\/Bicapa-Portada.jpg\",\"contentUrl\":\"https:\/\/uniformesludo.cl\/wp-content\/uploads\/2024\/09\/Bicapa-Portada.jpg\",\"width\":1500,\"height\":1500},{\"@type\":\"BreadcrumbList\",\"@id\":\"https:\/\/uniformesludo.cl\/index.php\/producto\/placas-aluminio-bicapa\/#breadcrumb\",\"itemListElement\":[{\"@type\":\"ListItem\",\"position\":1,\"name\":\"Portada\",\"item\":\"https:\/\/uniformesludo.cl\/\"},{\"@type\":\"ListItem\",\"position\":2,\"name\":\"Tienda\",\"item\":\"https:\/\/uniformesludo.cl\/index.php\/tienda\/\"},{\"@type\":\"ListItem\",\"position\":3,\"name\":\"Placas Aluminio Bicapa\"}]},{\"@type\":\"WebSite\",\"@id\":\"https:\/\/uniformesludo.cl\/#website\",\"url\":\"https:\/\/uniformesludo.cl\/\",\"name\":\"Uniformes Ludo\",\"description\":\"Es una de las empresas comercializadoras de Ropa de trabajo, confecci\u00f3n, productos de protecci\u00f3n, prevenci\u00f3n y seguridad una de las m\u00e1s importantes de nuestro pa\u00eds, reconocida a nivel Nacional, con numerosos clientes a lo largo de Chile que avalan su compromiso de calidad. De igual forma, existe una permanente preocupaci\u00f3n por mantener un servicio integral de excelencia que permita identificarnos como \u201cel mejor equipo, la mejor empresa e inversi\u00f3n\u201d.\",\"potentialAction\":[{\"@type\":\"SearchAction\",\"target\":{\"@type\":\"EntryPoint\",\"urlTemplate\":\"https:\/\/uniformesludo.cl\/?s={search_term_string}\"},\"query-input\":{\"@type\":\"PropertyValueSpecification\",\"valueRequired\":true,\"valueName\":\"search_term_string\"}}],\"inLanguage\":\"es\"}]}<\/script>\n<!-- \/ Yoast SEO plugin. -->","yoast_head_json":{"title":"Placas Aluminio Bicapa - Uniformes Ludo","robots":{"index":"index","follow":"follow","max-snippet":"max-snippet:-1","max-image-preview":"max-image-preview:large","max-video-preview":"max-video-preview:-1"},"canonical":"https:\/\/uniformesludo.cl\/index.php\/producto\/placas-aluminio-bicapa\/","og_locale":"es_ES","og_type":"article","og_title":"Placas Aluminio Bicapa - Uniformes Ludo","og_description":"BI-CAPA  Dimensiones: 300 mm. x 600 mm. x 0.5 mm.  Placa Oro \/ Grabado Negro\u00a0 \u00a0 \u00a0 \u00a0 \u00a0 \u00a0(14540)\u00a0 \u00a0 \u00a0591095422  Placa Plata \/ Grabado Negro\u00a0 \u00a0 \u00a0 \u00a0 \u00a0(14541)\u00a0 \u00a0 \u00a0591095423  Placa Negra \/ Grabado Dorado\u00a0 \u00a0 \u00a0 (14543)\u00a0 \u00a0 \u00a0591095424  Placa Negra \/ Grabado Plateado\u00a0 \u00a0 (14544)\u00a0 \u00a0 \u00a0591095421  Placa Blanca \/ Grabado Negro\u00a0 \u00a0 \u00a0 \u00a0(15000)\u00a0 \u00a0 \u00a0591095425","og_url":"https:\/\/uniformesludo.cl\/index.php\/producto\/placas-aluminio-bicapa\/","og_site_name":"Uniformes Ludo","article_modified_time":"2024-09-05T17:15:40+00:00","og_image":[{"width":1500,"height":1500,"url":"https:\/\/uniformesludo.cl\/wp-content\/uploads\/2024\/09\/Bicapa-Portada.jpg","type":"image\/jpeg"}],"twitter_card":"summary_large_image","schema":{"@context":"https:\/\/schema.org","@graph":[{"@type":"WebPage","@id":"https:\/\/uniformesludo.cl\/index.php\/producto\/placas-aluminio-bicapa\/","url":"https:\/\/uniformesludo.cl\/index.php\/producto\/placas-aluminio-bicapa\/","name":"Placas Aluminio Bicapa - Uniformes Ludo","isPartOf":{"@id":"https:\/\/uniformesludo.cl\/#website"},"primaryImageOfPage":{"@id":"https:\/\/uniformesludo.cl\/index.php\/producto\/placas-aluminio-bicapa\/#primaryimage"},"image":{"@id":"https:\/\/uniformesludo.cl\/index.php\/producto\/placas-aluminio-bicapa\/#primaryimage"},"thumbnailUrl":"https:\/\/uniformesludo.cl\/wp-content\/uploads\/2024\/09\/Bicapa-Portada.jpg","datePublished":"2024-09-04T16:17:58+00:00","dateModified":"2024-09-05T17:15:40+00:00","breadcrumb":{"@id":"https:\/\/uniformesludo.cl\/index.php\/producto\/placas-aluminio-bicapa\/#breadcrumb"},"inLanguage":"es","potentialAction":[{"@type":"ReadAction","target":["https:\/\/uniformesludo.cl\/index.php\/producto\/placas-aluminio-bicapa\/"]}]},{"@type":"ImageObject","inLanguage":"es","@id":"https:\/\/uniformesludo.cl\/index.php\/producto\/placas-aluminio-bicapa\/#primaryimage","url":"https:\/\/uniformesludo.cl\/wp-content\/uploads\/2024\/09\/Bicapa-Portada.jpg","contentUrl":"https:\/\/uniformesludo.cl\/wp-content\/uploads\/2024\/09\/Bicapa-Portada.jpg","width":1500,"height":1500},{"@type":"BreadcrumbList","@id":"https:\/\/uniformesludo.cl\/index.php\/producto\/placas-aluminio-bicapa\/#breadcrumb","itemListElement":[{"@type":"ListItem","position":1,"name":"Portada","item":"https:\/\/uniformesludo.cl\/"},{"@type":"ListItem","position":2,"name":"Tienda","item":"https:\/\/uniformesludo.cl\/index.php\/tienda\/"},{"@type":"ListItem","position":3,"name":"Placas Aluminio Bicapa"}]},{"@type":"WebSite","@id":"https:\/\/uniformesludo.cl\/#website","url":"https:\/\/uniformesludo.cl\/","name":"Uniformes Ludo","description":"Es una de las empresas comercializadoras de Ropa de trabajo, confecci\u00f3n, productos de protecci\u00f3n, prevenci\u00f3n y seguridad una de las m\u00e1s importantes de nuestro pa\u00eds, reconocida a nivel Nacional, con numerosos clientes a lo largo de Chile que avalan su compromiso de calidad. De igual forma, existe una permanente preocupaci\u00f3n por mantener un servicio integral de excelencia que permita identificarnos como \u201cel mejor equipo, la mejor empresa e inversi\u00f3n\u201d.","potentialAction":[{"@type":"SearchAction","target":{"@type":"EntryPoint","urlTemplate":"https:\/\/uniformesludo.cl\/?s={search_term_string}"},"query-input":{"@type":"PropertyValueSpecification","valueRequired":true,"valueName":"search_term_string"}}],"inLanguage":"es"}]}},"_links":{"self":[{"href":"https:\/\/uniformesludo.cl\/index.php\/wp-json\/wp\/v2\/product\/10017333","targetHints":{"allow":["GET"]}}],"collection":[{"href":"https:\/\/uniformesludo.cl\/index.php\/wp-json\/wp\/v2\/product"}],"about":[{"href":"https:\/\/uniformesludo.cl\/index.php\/wp-json\/wp\/v2\/types\/product"}],"replies":[{"embeddable":true,"href":"https:\/\/uniformesludo.cl\/index.php\/wp-json\/wp\/v2\/comments?post=10017333"}],"wp:featuredmedia":[{"embeddable":true,"href":"https:\/\/uniformesludo.cl\/index.php\/wp-json\/wp\/v2\/media\/10017377"}],"wp:attachment":[{"href":"https:\/\/uniformesludo.cl\/index.php\/wp-json\/wp\/v2\/media?parent=10017333"}],"wp:term":[{"taxonomy":"product_brand","embeddable":true,"href":"https:\/\/uniformesludo.cl\/index.php\/wp-json\/wp\/v2\/product_brand?post=10017333"},{"taxonomy":"product_cat","embeddable":true,"href":"https:\/\/uniformesludo.cl\/index.php\/wp-json\/wp\/v2\/product_cat?post=10017333"},{"taxonomy":"product_tag","embeddable":true,"href":"https:\/\/uniformesludo.cl\/index.php\/wp-json\/wp\/v2\/product_tag?post=10017333"}],"curies":[{"name":"wp","href":"https:\/\/api.w.org\/{rel}","templated":true}]}}