{"id":10017272,"date":"2024-09-04T16:17:09","date_gmt":"2024-09-04T16:17:09","guid":{"rendered":"https:\/\/uniformesludo.cl\/?post_type=product&#038;p=10017272"},"modified":"2024-09-05T15:37:44","modified_gmt":"2024-09-05T15:37:44","slug":"balde-de-panos-antibacterial","status":"publish","type":"product","link":"https:\/\/uniformesludo.cl\/index.php\/producto\/balde-de-panos-antibacterial\/","title":{"rendered":"Balde de Pa\u00f1os Antibacterial"},"content":{"rendered":"","protected":false},"excerpt":{"rendered":"<h2>Descripci\u00f3n<\/h2>\n<p>Balde de pa\u00f1os antibacterial Gym-Wipes.<\/p>\n<p>Unidades:\u00a0<strong>350 aprox<\/strong><\/p>\n<p>Tama\u00f1o del pa\u00f1o:\u00a0<strong>15 cm x 20 cm.<\/strong><\/p>\n<p>Los wipes antibacterial permiten desinfectar superficies de contacto humano como manillas, barandas y tel\u00e9fonos en forma instant\u00e1nea. S\u00f3lo desprenda un pa\u00f1o del balde y limpie la superficie. Elimina hasta 99% de g\u00e9rmenes, bacterias y virus. Eficaz prevenci\u00f3n del Coronavirus, H1N1 y\u00a0 otros.<\/p>\n<p><strong>Uso<\/strong>:<br \/>\nLimpieza de elementos que est\u00e1n en contacto con las manos o cuerpo humano, como: celulares, teclados, escritorios, juguetes, manillas de puerta, barandas de escaleras, artefactos de ba\u00f1o, m\u00e1quinas de gimnasio, etc.<\/p>\n<p><strong>Recomendado para<\/strong>:<br \/>\nOficinas, Gimnasios, Centros m\u00e9dicos, Centros de Yoga, Pilates, Colegios.<\/p>\n<blockquote><p><strong>Beneficios<\/strong>:<br \/>\nDesinfecta superficies y \u00e1reas en contacto con la piel y que podr\u00edan estar contaminadas. Ayuda a prevenir enfermedades de transmisi\u00f3n bacterial o viral como la gripe, H1N1 y Coronavirus.<\/p><\/blockquote>\n<p><strong>Caracter\u00edsticas T\u00e9cnicas:<\/strong><\/p>\n<ul>\n<li>Aspecto l\u00edquido cristalino, color amarillo y con aroma a lim\u00f3n.<\/li>\n<li>PH 6,4 \u2013 7,3<\/li>\n<li>Detergente desinfectante de alta pureza.<\/li>\n<li>Biodegradable y libre de fosfatos.<\/li>\n<li>Amplio espectro de acci\u00f3n antimicrobiano y es efectivo frente a staphylococcus, Aureos y Salmonella.<\/li>\n<li>Ideal para la limpieza de manillas, ascensores y otros elementos en contacto con manos y otras partes del cuerpo.<\/li>\n<\/ul>\n<p>C\u00f3digo: 603020100<\/p>\n<p>&nbsp;<\/p>\n<p>&nbsp;<\/p>\n","protected":false},"featured_media":10022115,"comment_status":"closed","ping_status":"closed","template":"","meta":[],"product_brand":[],"product_cat":[664,687],"product_tag":[],"class_list":{"0":"post-10017272","1":"product","2":"type-product","3":"status-publish","4":"has-post-thumbnail","6":"product_cat-jabon-liquido-y-sanitizante","7":"product_cat-panos-antibacterial","9":"first","10":"instock","11":"shipping-taxable","12":"product-type-simple"},"aioseo_notices":[],"yoast_head":"<!-- This site is optimized with the Yoast SEO plugin v26.5 - https:\/\/yoast.com\/wordpress\/plugins\/seo\/ -->\n<title>Balde de Pa\u00f1os Antibacterial - Uniformes Ludo<\/title>\n<meta name=\"robots\" content=\"index, follow, max-snippet:-1, max-image-preview:large, max-video-preview:-1\" \/>\n<link rel=\"canonical\" href=\"https:\/\/uniformesludo.cl\/index.php\/producto\/balde-de-panos-antibacterial\/\" \/>\n<meta property=\"og:locale\" content=\"es_ES\" \/>\n<meta property=\"og:type\" content=\"article\" \/>\n<meta property=\"og:title\" content=\"Balde de Pa\u00f1os Antibacterial - Uniformes Ludo\" \/>\n<meta property=\"og:description\" content=\"Descripci\u00f3n Balde de pa\u00f1os antibacterial Gym-Wipes.  Unidades:\u00a0350 aprox  Tama\u00f1o del pa\u00f1o:\u00a015 cm x 20 cm.  Los wipes antibacterial permiten desinfectar superficies de contacto humano como manillas, barandas y tel\u00e9fonos en forma instant\u00e1nea. S\u00f3lo desprenda un pa\u00f1o del balde y limpie la superficie. Elimina hasta 99% de g\u00e9rmenes, bacterias y virus. Eficaz prevenci\u00f3n del Coronavirus, H1N1 y\u00a0 otros.  Uso: Limpieza de elementos que est\u00e1n en contacto con las manos o cuerpo humano, como: celulares, teclados, escritorios, juguetes, manillas de puerta, barandas de escaleras, artefactos de ba\u00f1o, m\u00e1quinas de gimnasio, etc.  Recomendado para: Oficinas, Gimnasios, Centros m\u00e9dicos, Centros de Yoga, Pilates, Colegios. Beneficios: Desinfecta superficies y \u00e1reas en contacto con la piel y que podr\u00edan estar contaminadas. Ayuda a prevenir enfermedades de transmisi\u00f3n bacterial o viral como la gripe, H1N1 y Coronavirus. Caracter\u00edsticas T\u00e9cnicas:   Aspecto l\u00edquido cristalino, color amarillo y con aroma a lim\u00f3n.  PH 6,4 \u2013 7,3  Detergente desinfectante de alta pureza.  Biodegradable y libre de fosfatos.  Amplio espectro de acci\u00f3n antimicrobiano y es efectivo frente a staphylococcus, Aureos y Salmonella.  Ideal para la limpieza de manillas, ascensores y otros elementos en contacto con manos y otras partes del cuerpo.  C\u00f3digo: 603020100  &nbsp;  &nbsp;\" \/>\n<meta property=\"og:url\" content=\"https:\/\/uniformesludo.cl\/index.php\/producto\/balde-de-panos-antibacterial\/\" \/>\n<meta property=\"og:site_name\" content=\"Uniformes Ludo\" \/>\n<meta property=\"article:modified_time\" content=\"2024-09-05T15:37:44+00:00\" \/>\n<meta property=\"og:image\" content=\"https:\/\/uniformesludo.cl\/wp-content\/uploads\/2024\/09\/02-panos-antibacterial-1.jpg\" \/>\n\t<meta property=\"og:image:width\" content=\"500\" \/>\n\t<meta property=\"og:image:height\" content=\"500\" \/>\n\t<meta property=\"og:image:type\" content=\"image\/jpeg\" \/>\n<meta name=\"twitter:card\" content=\"summary_large_image\" \/>\n<script type=\"application\/ld+json\" class=\"yoast-schema-graph\">{\"@context\":\"https:\/\/schema.org\",\"@graph\":[{\"@type\":\"WebPage\",\"@id\":\"https:\/\/uniformesludo.cl\/index.php\/producto\/balde-de-panos-antibacterial\/\",\"url\":\"https:\/\/uniformesludo.cl\/index.php\/producto\/balde-de-panos-antibacterial\/\",\"name\":\"Balde de Pa\u00f1os Antibacterial - Uniformes Ludo\",\"isPartOf\":{\"@id\":\"https:\/\/uniformesludo.cl\/#website\"},\"primaryImageOfPage\":{\"@id\":\"https:\/\/uniformesludo.cl\/index.php\/producto\/balde-de-panos-antibacterial\/#primaryimage\"},\"image\":{\"@id\":\"https:\/\/uniformesludo.cl\/index.php\/producto\/balde-de-panos-antibacterial\/#primaryimage\"},\"thumbnailUrl\":\"https:\/\/uniformesludo.cl\/wp-content\/uploads\/2024\/09\/02-panos-antibacterial-1.jpg\",\"datePublished\":\"2024-09-04T16:17:09+00:00\",\"dateModified\":\"2024-09-05T15:37:44+00:00\",\"breadcrumb\":{\"@id\":\"https:\/\/uniformesludo.cl\/index.php\/producto\/balde-de-panos-antibacterial\/#breadcrumb\"},\"inLanguage\":\"es\",\"potentialAction\":[{\"@type\":\"ReadAction\",\"target\":[\"https:\/\/uniformesludo.cl\/index.php\/producto\/balde-de-panos-antibacterial\/\"]}]},{\"@type\":\"ImageObject\",\"inLanguage\":\"es\",\"@id\":\"https:\/\/uniformesludo.cl\/index.php\/producto\/balde-de-panos-antibacterial\/#primaryimage\",\"url\":\"https:\/\/uniformesludo.cl\/wp-content\/uploads\/2024\/09\/02-panos-antibacterial-1.jpg\",\"contentUrl\":\"https:\/\/uniformesludo.cl\/wp-content\/uploads\/2024\/09\/02-panos-antibacterial-1.jpg\",\"width\":500,\"height\":500},{\"@type\":\"BreadcrumbList\",\"@id\":\"https:\/\/uniformesludo.cl\/index.php\/producto\/balde-de-panos-antibacterial\/#breadcrumb\",\"itemListElement\":[{\"@type\":\"ListItem\",\"position\":1,\"name\":\"Portada\",\"item\":\"https:\/\/uniformesludo.cl\/\"},{\"@type\":\"ListItem\",\"position\":2,\"name\":\"Tienda\",\"item\":\"https:\/\/uniformesludo.cl\/index.php\/tienda\/\"},{\"@type\":\"ListItem\",\"position\":3,\"name\":\"Balde de Pa\u00f1os Antibacterial\"}]},{\"@type\":\"WebSite\",\"@id\":\"https:\/\/uniformesludo.cl\/#website\",\"url\":\"https:\/\/uniformesludo.cl\/\",\"name\":\"Uniformes Ludo\",\"description\":\"Es una de las empresas comercializadoras de Ropa de trabajo, confecci\u00f3n, productos de protecci\u00f3n, prevenci\u00f3n y seguridad una de las m\u00e1s importantes de nuestro pa\u00eds, reconocida a nivel Nacional, con numerosos clientes a lo largo de Chile que avalan su compromiso de calidad. De igual forma, existe una permanente preocupaci\u00f3n por mantener un servicio integral de excelencia que permita identificarnos como \u201cel mejor equipo, la mejor empresa e inversi\u00f3n\u201d.\",\"potentialAction\":[{\"@type\":\"SearchAction\",\"target\":{\"@type\":\"EntryPoint\",\"urlTemplate\":\"https:\/\/uniformesludo.cl\/?s={search_term_string}\"},\"query-input\":{\"@type\":\"PropertyValueSpecification\",\"valueRequired\":true,\"valueName\":\"search_term_string\"}}],\"inLanguage\":\"es\"}]}<\/script>\n<!-- \/ Yoast SEO plugin. -->","yoast_head_json":{"title":"Balde de Pa\u00f1os Antibacterial - Uniformes Ludo","robots":{"index":"index","follow":"follow","max-snippet":"max-snippet:-1","max-image-preview":"max-image-preview:large","max-video-preview":"max-video-preview:-1"},"canonical":"https:\/\/uniformesludo.cl\/index.php\/producto\/balde-de-panos-antibacterial\/","og_locale":"es_ES","og_type":"article","og_title":"Balde de Pa\u00f1os Antibacterial - Uniformes Ludo","og_description":"Descripci\u00f3n Balde de pa\u00f1os antibacterial Gym-Wipes.  Unidades:\u00a0350 aprox  Tama\u00f1o del pa\u00f1o:\u00a015 cm x 20 cm.  Los wipes antibacterial permiten desinfectar superficies de contacto humano como manillas, barandas y tel\u00e9fonos en forma instant\u00e1nea. S\u00f3lo desprenda un pa\u00f1o del balde y limpie la superficie. Elimina hasta 99% de g\u00e9rmenes, bacterias y virus. Eficaz prevenci\u00f3n del Coronavirus, H1N1 y\u00a0 otros.  Uso: Limpieza de elementos que est\u00e1n en contacto con las manos o cuerpo humano, como: celulares, teclados, escritorios, juguetes, manillas de puerta, barandas de escaleras, artefactos de ba\u00f1o, m\u00e1quinas de gimnasio, etc.  Recomendado para: Oficinas, Gimnasios, Centros m\u00e9dicos, Centros de Yoga, Pilates, Colegios. Beneficios: Desinfecta superficies y \u00e1reas en contacto con la piel y que podr\u00edan estar contaminadas. Ayuda a prevenir enfermedades de transmisi\u00f3n bacterial o viral como la gripe, H1N1 y Coronavirus. Caracter\u00edsticas T\u00e9cnicas:   Aspecto l\u00edquido cristalino, color amarillo y con aroma a lim\u00f3n.  PH 6,4 \u2013 7,3  Detergente desinfectante de alta pureza.  Biodegradable y libre de fosfatos.  Amplio espectro de acci\u00f3n antimicrobiano y es efectivo frente a staphylococcus, Aureos y Salmonella.  Ideal para la limpieza de manillas, ascensores y otros elementos en contacto con manos y otras partes del cuerpo.  C\u00f3digo: 603020100  &nbsp;  &nbsp;","og_url":"https:\/\/uniformesludo.cl\/index.php\/producto\/balde-de-panos-antibacterial\/","og_site_name":"Uniformes Ludo","article_modified_time":"2024-09-05T15:37:44+00:00","og_image":[{"width":500,"height":500,"url":"https:\/\/uniformesludo.cl\/wp-content\/uploads\/2024\/09\/02-panos-antibacterial-1.jpg","type":"image\/jpeg"}],"twitter_card":"summary_large_image","schema":{"@context":"https:\/\/schema.org","@graph":[{"@type":"WebPage","@id":"https:\/\/uniformesludo.cl\/index.php\/producto\/balde-de-panos-antibacterial\/","url":"https:\/\/uniformesludo.cl\/index.php\/producto\/balde-de-panos-antibacterial\/","name":"Balde de Pa\u00f1os Antibacterial - Uniformes Ludo","isPartOf":{"@id":"https:\/\/uniformesludo.cl\/#website"},"primaryImageOfPage":{"@id":"https:\/\/uniformesludo.cl\/index.php\/producto\/balde-de-panos-antibacterial\/#primaryimage"},"image":{"@id":"https:\/\/uniformesludo.cl\/index.php\/producto\/balde-de-panos-antibacterial\/#primaryimage"},"thumbnailUrl":"https:\/\/uniformesludo.cl\/wp-content\/uploads\/2024\/09\/02-panos-antibacterial-1.jpg","datePublished":"2024-09-04T16:17:09+00:00","dateModified":"2024-09-05T15:37:44+00:00","breadcrumb":{"@id":"https:\/\/uniformesludo.cl\/index.php\/producto\/balde-de-panos-antibacterial\/#breadcrumb"},"inLanguage":"es","potentialAction":[{"@type":"ReadAction","target":["https:\/\/uniformesludo.cl\/index.php\/producto\/balde-de-panos-antibacterial\/"]}]},{"@type":"ImageObject","inLanguage":"es","@id":"https:\/\/uniformesludo.cl\/index.php\/producto\/balde-de-panos-antibacterial\/#primaryimage","url":"https:\/\/uniformesludo.cl\/wp-content\/uploads\/2024\/09\/02-panos-antibacterial-1.jpg","contentUrl":"https:\/\/uniformesludo.cl\/wp-content\/uploads\/2024\/09\/02-panos-antibacterial-1.jpg","width":500,"height":500},{"@type":"BreadcrumbList","@id":"https:\/\/uniformesludo.cl\/index.php\/producto\/balde-de-panos-antibacterial\/#breadcrumb","itemListElement":[{"@type":"ListItem","position":1,"name":"Portada","item":"https:\/\/uniformesludo.cl\/"},{"@type":"ListItem","position":2,"name":"Tienda","item":"https:\/\/uniformesludo.cl\/index.php\/tienda\/"},{"@type":"ListItem","position":3,"name":"Balde de Pa\u00f1os Antibacterial"}]},{"@type":"WebSite","@id":"https:\/\/uniformesludo.cl\/#website","url":"https:\/\/uniformesludo.cl\/","name":"Uniformes Ludo","description":"Es una de las empresas comercializadoras de Ropa de trabajo, confecci\u00f3n, productos de protecci\u00f3n, prevenci\u00f3n y seguridad una de las m\u00e1s importantes de nuestro pa\u00eds, reconocida a nivel Nacional, con numerosos clientes a lo largo de Chile que avalan su compromiso de calidad. De igual forma, existe una permanente preocupaci\u00f3n por mantener un servicio integral de excelencia que permita identificarnos como \u201cel mejor equipo, la mejor empresa e inversi\u00f3n\u201d.","potentialAction":[{"@type":"SearchAction","target":{"@type":"EntryPoint","urlTemplate":"https:\/\/uniformesludo.cl\/?s={search_term_string}"},"query-input":{"@type":"PropertyValueSpecification","valueRequired":true,"valueName":"search_term_string"}}],"inLanguage":"es"}]}},"_links":{"self":[{"href":"https:\/\/uniformesludo.cl\/index.php\/wp-json\/wp\/v2\/product\/10017272","targetHints":{"allow":["GET"]}}],"collection":[{"href":"https:\/\/uniformesludo.cl\/index.php\/wp-json\/wp\/v2\/product"}],"about":[{"href":"https:\/\/uniformesludo.cl\/index.php\/wp-json\/wp\/v2\/types\/product"}],"replies":[{"embeddable":true,"href":"https:\/\/uniformesludo.cl\/index.php\/wp-json\/wp\/v2\/comments?post=10017272"}],"wp:featuredmedia":[{"embeddable":true,"href":"https:\/\/uniformesludo.cl\/index.php\/wp-json\/wp\/v2\/media\/10022115"}],"wp:attachment":[{"href":"https:\/\/uniformesludo.cl\/index.php\/wp-json\/wp\/v2\/media?parent=10017272"}],"wp:term":[{"taxonomy":"product_brand","embeddable":true,"href":"https:\/\/uniformesludo.cl\/index.php\/wp-json\/wp\/v2\/product_brand?post=10017272"},{"taxonomy":"product_cat","embeddable":true,"href":"https:\/\/uniformesludo.cl\/index.php\/wp-json\/wp\/v2\/product_cat?post=10017272"},{"taxonomy":"product_tag","embeddable":true,"href":"https:\/\/uniformesludo.cl\/index.php\/wp-json\/wp\/v2\/product_tag?post=10017272"}],"curies":[{"name":"wp","href":"https:\/\/api.w.org\/{rel}","templated":true}]}}