{"id":10016882,"date":"2024-09-04T16:11:47","date_gmt":"2024-09-04T16:11:47","guid":{"rendered":"https:\/\/uniformesludo.cl\/?post_type=product&#038;p=10016882"},"modified":"2024-09-05T17:14:49","modified_gmt":"2024-09-05T17:14:49","slug":"victoria-nuevo-rp-8105-4-rp-8105-5-rp-8105-6","status":"publish","type":"product","link":"https:\/\/uniformesludo.cl\/index.php\/producto\/victoria-nuevo-rp-8105-4-rp-8105-5-rp-8105-6\/","title":{"rendered":"Victoria Nuevo (RP-8105-4 \/ RP-8105-5 \/ RP-8105-6)"},"content":{"rendered":"","protected":false},"excerpt":{"rendered":"<p>Trofeo Pl\u00e1stico con base de m\u00e1rmol blanca.<\/p>\n<p>&nbsp;<\/p>\n<p>RP8105-4:\u00a0 \u00a0 Altura: 13 cm.\u00a0 \u00a0 \u00a0 C\u00f3digo: 591095001 (2)\u00a0 \u00a0 \u00a0 \u00a0 \u00a0 \u00a0 \u00a0 \u00a0 \u00a0 \u00a0 \u00a0 \u00a0 \u00a0 \u00a0*Insert 25mm.<\/p>\n<p>RP8105-5:\u00a0 \u00a0 Altura: 16 cm.\u00a0 \u00a0 \u00a0 C\u00f3digo: 591095002 (3)\u00a0 \u00a0 \u00a0 \u00a0 \u00a0 \u00a0 \u00a0 \u00a0 \u00a0 \u00a0 \u00a0 \u00a0 \u00a0 \u00a0*Insert 25mm.<\/p>\n<p>RP8105-6:\u00a0 \u00a0 Altura: 18 cm.\u00a0 \u00a0 \u00a0 C\u00f3digo: 591095003\u00a0 (4)\u00a0 \u00a0 \u00a0 \u00a0 \u00a0 \u00a0 \u00a0 \u00a0 \u00a0 \u00a0 \u00a0 \u00a0 \u00a0 \u00a0*Insert 50mm.<\/p>\n<p>&nbsp;<\/p>\n","protected":false},"featured_media":10016984,"comment_status":"closed","ping_status":"closed","template":"","meta":[],"product_brand":[],"product_cat":[669],"product_tag":[],"class_list":{"0":"post-10016882","1":"product","2":"type-product","3":"status-publish","4":"has-post-thumbnail","6":"product_cat-trofeos-plasticos","8":"first","9":"instock","10":"shipping-taxable","11":"purchasable","12":"product-type-variable"},"aioseo_notices":[],"yoast_head":"<!-- This site is optimized with the Yoast SEO plugin v26.5 - https:\/\/yoast.com\/wordpress\/plugins\/seo\/ -->\n<title>Victoria Nuevo (RP-8105-4 \/ RP-8105-5 \/ RP-8105-6) - Uniformes Ludo<\/title>\n<meta name=\"robots\" content=\"index, follow, max-snippet:-1, max-image-preview:large, max-video-preview:-1\" \/>\n<link rel=\"canonical\" href=\"https:\/\/uniformesludo.cl\/index.php\/producto\/victoria-nuevo-rp-8105-4-rp-8105-5-rp-8105-6\/\" \/>\n<meta property=\"og:locale\" content=\"es_ES\" \/>\n<meta property=\"og:type\" content=\"article\" \/>\n<meta property=\"og:title\" content=\"Victoria Nuevo (RP-8105-4 \/ RP-8105-5 \/ RP-8105-6) - Uniformes Ludo\" \/>\n<meta property=\"og:description\" content=\"Trofeo Pl\u00e1stico con base de m\u00e1rmol blanca.  &nbsp;  RP8105-4:\u00a0 \u00a0 Altura: 13 cm.\u00a0 \u00a0 \u00a0 C\u00f3digo: 591095001 (2)\u00a0 \u00a0 \u00a0 \u00a0 \u00a0 \u00a0 \u00a0 \u00a0 \u00a0 \u00a0 \u00a0 \u00a0 \u00a0 \u00a0*Insert 25mm.  RP8105-5:\u00a0 \u00a0 Altura: 16 cm.\u00a0 \u00a0 \u00a0 C\u00f3digo: 591095002 (3)\u00a0 \u00a0 \u00a0 \u00a0 \u00a0 \u00a0 \u00a0 \u00a0 \u00a0 \u00a0 \u00a0 \u00a0 \u00a0 \u00a0*Insert 25mm.  RP8105-6:\u00a0 \u00a0 Altura: 18 cm.\u00a0 \u00a0 \u00a0 C\u00f3digo: 591095003\u00a0 (4)\u00a0 \u00a0 \u00a0 \u00a0 \u00a0 \u00a0 \u00a0 \u00a0 \u00a0 \u00a0 \u00a0 \u00a0 \u00a0 \u00a0*Insert 50mm.  &nbsp;\" \/>\n<meta property=\"og:url\" content=\"https:\/\/uniformesludo.cl\/index.php\/producto\/victoria-nuevo-rp-8105-4-rp-8105-5-rp-8105-6\/\" \/>\n<meta property=\"og:site_name\" content=\"Uniformes Ludo\" \/>\n<meta property=\"article:modified_time\" content=\"2024-09-05T17:14:49+00:00\" \/>\n<meta property=\"og:image\" content=\"https:\/\/uniformesludo.cl\/wp-content\/uploads\/2024\/09\/00_0043_t8105.jpg\" \/>\n\t<meta property=\"og:image:width\" content=\"600\" \/>\n\t<meta property=\"og:image:height\" content=\"600\" \/>\n\t<meta property=\"og:image:type\" content=\"image\/jpeg\" \/>\n<meta name=\"twitter:card\" content=\"summary_large_image\" \/>\n<script type=\"application\/ld+json\" class=\"yoast-schema-graph\">{\"@context\":\"https:\/\/schema.org\",\"@graph\":[{\"@type\":\"WebPage\",\"@id\":\"https:\/\/uniformesludo.cl\/index.php\/producto\/victoria-nuevo-rp-8105-4-rp-8105-5-rp-8105-6\/\",\"url\":\"https:\/\/uniformesludo.cl\/index.php\/producto\/victoria-nuevo-rp-8105-4-rp-8105-5-rp-8105-6\/\",\"name\":\"Victoria Nuevo (RP-8105-4 \/ RP-8105-5 \/ RP-8105-6) - Uniformes Ludo\",\"isPartOf\":{\"@id\":\"https:\/\/uniformesludo.cl\/#website\"},\"primaryImageOfPage\":{\"@id\":\"https:\/\/uniformesludo.cl\/index.php\/producto\/victoria-nuevo-rp-8105-4-rp-8105-5-rp-8105-6\/#primaryimage\"},\"image\":{\"@id\":\"https:\/\/uniformesludo.cl\/index.php\/producto\/victoria-nuevo-rp-8105-4-rp-8105-5-rp-8105-6\/#primaryimage\"},\"thumbnailUrl\":\"https:\/\/uniformesludo.cl\/wp-content\/uploads\/2024\/09\/00_0043_t8105.jpg\",\"datePublished\":\"2024-09-04T16:11:47+00:00\",\"dateModified\":\"2024-09-05T17:14:49+00:00\",\"breadcrumb\":{\"@id\":\"https:\/\/uniformesludo.cl\/index.php\/producto\/victoria-nuevo-rp-8105-4-rp-8105-5-rp-8105-6\/#breadcrumb\"},\"inLanguage\":\"es\",\"potentialAction\":[{\"@type\":\"ReadAction\",\"target\":[\"https:\/\/uniformesludo.cl\/index.php\/producto\/victoria-nuevo-rp-8105-4-rp-8105-5-rp-8105-6\/\"]}]},{\"@type\":\"ImageObject\",\"inLanguage\":\"es\",\"@id\":\"https:\/\/uniformesludo.cl\/index.php\/producto\/victoria-nuevo-rp-8105-4-rp-8105-5-rp-8105-6\/#primaryimage\",\"url\":\"https:\/\/uniformesludo.cl\/wp-content\/uploads\/2024\/09\/00_0043_t8105.jpg\",\"contentUrl\":\"https:\/\/uniformesludo.cl\/wp-content\/uploads\/2024\/09\/00_0043_t8105.jpg\",\"width\":600,\"height\":600},{\"@type\":\"BreadcrumbList\",\"@id\":\"https:\/\/uniformesludo.cl\/index.php\/producto\/victoria-nuevo-rp-8105-4-rp-8105-5-rp-8105-6\/#breadcrumb\",\"itemListElement\":[{\"@type\":\"ListItem\",\"position\":1,\"name\":\"Portada\",\"item\":\"https:\/\/uniformesludo.cl\/\"},{\"@type\":\"ListItem\",\"position\":2,\"name\":\"Tienda\",\"item\":\"https:\/\/uniformesludo.cl\/index.php\/tienda\/\"},{\"@type\":\"ListItem\",\"position\":3,\"name\":\"Victoria Nuevo (RP-8105-4 \/ RP-8105-5 \/ RP-8105-6)\"}]},{\"@type\":\"WebSite\",\"@id\":\"https:\/\/uniformesludo.cl\/#website\",\"url\":\"https:\/\/uniformesludo.cl\/\",\"name\":\"Uniformes Ludo\",\"description\":\"Es una de las empresas comercializadoras de Ropa de trabajo, confecci\u00f3n, productos de protecci\u00f3n, prevenci\u00f3n y seguridad una de las m\u00e1s importantes de nuestro pa\u00eds, reconocida a nivel Nacional, con numerosos clientes a lo largo de Chile que avalan su compromiso de calidad. De igual forma, existe una permanente preocupaci\u00f3n por mantener un servicio integral de excelencia que permita identificarnos como \u201cel mejor equipo, la mejor empresa e inversi\u00f3n\u201d.\",\"potentialAction\":[{\"@type\":\"SearchAction\",\"target\":{\"@type\":\"EntryPoint\",\"urlTemplate\":\"https:\/\/uniformesludo.cl\/?s={search_term_string}\"},\"query-input\":{\"@type\":\"PropertyValueSpecification\",\"valueRequired\":true,\"valueName\":\"search_term_string\"}}],\"inLanguage\":\"es\"}]}<\/script>\n<!-- \/ Yoast SEO plugin. -->","yoast_head_json":{"title":"Victoria Nuevo (RP-8105-4 \/ RP-8105-5 \/ RP-8105-6) - Uniformes Ludo","robots":{"index":"index","follow":"follow","max-snippet":"max-snippet:-1","max-image-preview":"max-image-preview:large","max-video-preview":"max-video-preview:-1"},"canonical":"https:\/\/uniformesludo.cl\/index.php\/producto\/victoria-nuevo-rp-8105-4-rp-8105-5-rp-8105-6\/","og_locale":"es_ES","og_type":"article","og_title":"Victoria Nuevo (RP-8105-4 \/ RP-8105-5 \/ RP-8105-6) - Uniformes Ludo","og_description":"Trofeo Pl\u00e1stico con base de m\u00e1rmol blanca.  &nbsp;  RP8105-4:\u00a0 \u00a0 Altura: 13 cm.\u00a0 \u00a0 \u00a0 C\u00f3digo: 591095001 (2)\u00a0 \u00a0 \u00a0 \u00a0 \u00a0 \u00a0 \u00a0 \u00a0 \u00a0 \u00a0 \u00a0 \u00a0 \u00a0 \u00a0*Insert 25mm.  RP8105-5:\u00a0 \u00a0 Altura: 16 cm.\u00a0 \u00a0 \u00a0 C\u00f3digo: 591095002 (3)\u00a0 \u00a0 \u00a0 \u00a0 \u00a0 \u00a0 \u00a0 \u00a0 \u00a0 \u00a0 \u00a0 \u00a0 \u00a0 \u00a0*Insert 25mm.  RP8105-6:\u00a0 \u00a0 Altura: 18 cm.\u00a0 \u00a0 \u00a0 C\u00f3digo: 591095003\u00a0 (4)\u00a0 \u00a0 \u00a0 \u00a0 \u00a0 \u00a0 \u00a0 \u00a0 \u00a0 \u00a0 \u00a0 \u00a0 \u00a0 \u00a0*Insert 50mm.  &nbsp;","og_url":"https:\/\/uniformesludo.cl\/index.php\/producto\/victoria-nuevo-rp-8105-4-rp-8105-5-rp-8105-6\/","og_site_name":"Uniformes Ludo","article_modified_time":"2024-09-05T17:14:49+00:00","og_image":[{"width":600,"height":600,"url":"https:\/\/uniformesludo.cl\/wp-content\/uploads\/2024\/09\/00_0043_t8105.jpg","type":"image\/jpeg"}],"twitter_card":"summary_large_image","schema":{"@context":"https:\/\/schema.org","@graph":[{"@type":"WebPage","@id":"https:\/\/uniformesludo.cl\/index.php\/producto\/victoria-nuevo-rp-8105-4-rp-8105-5-rp-8105-6\/","url":"https:\/\/uniformesludo.cl\/index.php\/producto\/victoria-nuevo-rp-8105-4-rp-8105-5-rp-8105-6\/","name":"Victoria Nuevo (RP-8105-4 \/ RP-8105-5 \/ RP-8105-6) - Uniformes Ludo","isPartOf":{"@id":"https:\/\/uniformesludo.cl\/#website"},"primaryImageOfPage":{"@id":"https:\/\/uniformesludo.cl\/index.php\/producto\/victoria-nuevo-rp-8105-4-rp-8105-5-rp-8105-6\/#primaryimage"},"image":{"@id":"https:\/\/uniformesludo.cl\/index.php\/producto\/victoria-nuevo-rp-8105-4-rp-8105-5-rp-8105-6\/#primaryimage"},"thumbnailUrl":"https:\/\/uniformesludo.cl\/wp-content\/uploads\/2024\/09\/00_0043_t8105.jpg","datePublished":"2024-09-04T16:11:47+00:00","dateModified":"2024-09-05T17:14:49+00:00","breadcrumb":{"@id":"https:\/\/uniformesludo.cl\/index.php\/producto\/victoria-nuevo-rp-8105-4-rp-8105-5-rp-8105-6\/#breadcrumb"},"inLanguage":"es","potentialAction":[{"@type":"ReadAction","target":["https:\/\/uniformesludo.cl\/index.php\/producto\/victoria-nuevo-rp-8105-4-rp-8105-5-rp-8105-6\/"]}]},{"@type":"ImageObject","inLanguage":"es","@id":"https:\/\/uniformesludo.cl\/index.php\/producto\/victoria-nuevo-rp-8105-4-rp-8105-5-rp-8105-6\/#primaryimage","url":"https:\/\/uniformesludo.cl\/wp-content\/uploads\/2024\/09\/00_0043_t8105.jpg","contentUrl":"https:\/\/uniformesludo.cl\/wp-content\/uploads\/2024\/09\/00_0043_t8105.jpg","width":600,"height":600},{"@type":"BreadcrumbList","@id":"https:\/\/uniformesludo.cl\/index.php\/producto\/victoria-nuevo-rp-8105-4-rp-8105-5-rp-8105-6\/#breadcrumb","itemListElement":[{"@type":"ListItem","position":1,"name":"Portada","item":"https:\/\/uniformesludo.cl\/"},{"@type":"ListItem","position":2,"name":"Tienda","item":"https:\/\/uniformesludo.cl\/index.php\/tienda\/"},{"@type":"ListItem","position":3,"name":"Victoria Nuevo (RP-8105-4 \/ RP-8105-5 \/ RP-8105-6)"}]},{"@type":"WebSite","@id":"https:\/\/uniformesludo.cl\/#website","url":"https:\/\/uniformesludo.cl\/","name":"Uniformes Ludo","description":"Es una de las empresas comercializadoras de Ropa de trabajo, confecci\u00f3n, productos de protecci\u00f3n, prevenci\u00f3n y seguridad una de las m\u00e1s importantes de nuestro pa\u00eds, reconocida a nivel Nacional, con numerosos clientes a lo largo de Chile que avalan su compromiso de calidad. De igual forma, existe una permanente preocupaci\u00f3n por mantener un servicio integral de excelencia que permita identificarnos como \u201cel mejor equipo, la mejor empresa e inversi\u00f3n\u201d.","potentialAction":[{"@type":"SearchAction","target":{"@type":"EntryPoint","urlTemplate":"https:\/\/uniformesludo.cl\/?s={search_term_string}"},"query-input":{"@type":"PropertyValueSpecification","valueRequired":true,"valueName":"search_term_string"}}],"inLanguage":"es"}]}},"_links":{"self":[{"href":"https:\/\/uniformesludo.cl\/index.php\/wp-json\/wp\/v2\/product\/10016882","targetHints":{"allow":["GET"]}}],"collection":[{"href":"https:\/\/uniformesludo.cl\/index.php\/wp-json\/wp\/v2\/product"}],"about":[{"href":"https:\/\/uniformesludo.cl\/index.php\/wp-json\/wp\/v2\/types\/product"}],"replies":[{"embeddable":true,"href":"https:\/\/uniformesludo.cl\/index.php\/wp-json\/wp\/v2\/comments?post=10016882"}],"wp:featuredmedia":[{"embeddable":true,"href":"https:\/\/uniformesludo.cl\/index.php\/wp-json\/wp\/v2\/media\/10016984"}],"wp:attachment":[{"href":"https:\/\/uniformesludo.cl\/index.php\/wp-json\/wp\/v2\/media?parent=10016882"}],"wp:term":[{"taxonomy":"product_brand","embeddable":true,"href":"https:\/\/uniformesludo.cl\/index.php\/wp-json\/wp\/v2\/product_brand?post=10016882"},{"taxonomy":"product_cat","embeddable":true,"href":"https:\/\/uniformesludo.cl\/index.php\/wp-json\/wp\/v2\/product_cat?post=10016882"},{"taxonomy":"product_tag","embeddable":true,"href":"https:\/\/uniformesludo.cl\/index.php\/wp-json\/wp\/v2\/product_tag?post=10016882"}],"curies":[{"name":"wp","href":"https:\/\/api.w.org\/{rel}","templated":true}]}}