{"id":10013427,"date":"2023-09-12T18:47:29","date_gmt":"2023-09-12T18:47:29","guid":{"rendered":"https:\/\/uniformesludo.cl\/?post_type=product&#038;p=10013427"},"modified":"2023-11-20T19:27:13","modified_gmt":"2023-11-20T19:27:13","slug":"casquete-porta-visor-amarillo","status":"publish","type":"product","link":"https:\/\/uniformesludo.cl\/index.php\/producto\/casquete-porta-visor-amarillo\/","title":{"rendered":"CASQUETE PORTA VISOR AMARILLO"},"content":{"rendered":"<h3>Especificaciones del producto<\/h3>\n<p>&#8211; Fabricado en PAD (Polietileno de alta densidad) para proteger zona frontal de la cabeza  <\/p>\n<p>&#8211; Sistema de ajuste de rosca sin fin, para un ajuste seguro. <\/p>\n","protected":false},"excerpt":{"rendered":"<p><a id=\"btncotizar\" href=\"https:\/\/uniformesludo.cl\/index.php\/cotizacion\/\">Cotizar<\/a><\/p>\n","protected":false},"featured_media":10013428,"comment_status":"closed","ping_status":"closed","template":"","meta":[],"product_brand":[],"product_cat":[534],"product_tag":[],"class_list":{"0":"post-10013427","1":"product","2":"type-product","3":"status-publish","4":"has-post-thumbnail","6":"product_cat-proteccion-de-vista","8":"first","9":"instock","10":"shipping-taxable","11":"product-type-simple"},"aioseo_notices":[],"yoast_head":"<!-- This site is optimized with the Yoast SEO plugin v26.5 - https:\/\/yoast.com\/wordpress\/plugins\/seo\/ -->\n<title>CASQUETE PORTA VISOR AMARILLO - Uniformes Ludo<\/title>\n<meta name=\"robots\" content=\"index, follow, max-snippet:-1, max-image-preview:large, max-video-preview:-1\" \/>\n<link rel=\"canonical\" href=\"https:\/\/uniformesludo.cl\/index.php\/producto\/casquete-porta-visor-amarillo\/\" \/>\n<meta property=\"og:locale\" content=\"es_ES\" \/>\n<meta property=\"og:type\" content=\"article\" \/>\n<meta property=\"og:title\" content=\"CASQUETE PORTA VISOR AMARILLO - Uniformes Ludo\" \/>\n<meta property=\"og:description\" content=\"Cotizar\" \/>\n<meta property=\"og:url\" content=\"https:\/\/uniformesludo.cl\/index.php\/producto\/casquete-porta-visor-amarillo\/\" \/>\n<meta property=\"og:site_name\" content=\"Uniformes Ludo\" \/>\n<meta property=\"article:modified_time\" content=\"2023-11-20T19:27:13+00:00\" \/>\n<meta property=\"og:image\" content=\"https:\/\/uniformesludo.cl\/wp-content\/uploads\/2023\/09\/CASQUETE-PORTA-VISOR-AMARILLO.png\" \/>\n\t<meta property=\"og:image:width\" content=\"459\" \/>\n\t<meta property=\"og:image:height\" content=\"459\" \/>\n\t<meta property=\"og:image:type\" content=\"image\/png\" \/>\n<meta name=\"twitter:card\" content=\"summary_large_image\" \/>\n<script type=\"application\/ld+json\" class=\"yoast-schema-graph\">{\"@context\":\"https:\/\/schema.org\",\"@graph\":[{\"@type\":\"WebPage\",\"@id\":\"https:\/\/uniformesludo.cl\/index.php\/producto\/casquete-porta-visor-amarillo\/\",\"url\":\"https:\/\/uniformesludo.cl\/index.php\/producto\/casquete-porta-visor-amarillo\/\",\"name\":\"CASQUETE PORTA VISOR AMARILLO - Uniformes Ludo\",\"isPartOf\":{\"@id\":\"https:\/\/uniformesludo.cl\/#website\"},\"primaryImageOfPage\":{\"@id\":\"https:\/\/uniformesludo.cl\/index.php\/producto\/casquete-porta-visor-amarillo\/#primaryimage\"},\"image\":{\"@id\":\"https:\/\/uniformesludo.cl\/index.php\/producto\/casquete-porta-visor-amarillo\/#primaryimage\"},\"thumbnailUrl\":\"https:\/\/uniformesludo.cl\/wp-content\/uploads\/2023\/09\/CASQUETE-PORTA-VISOR-AMARILLO.png\",\"datePublished\":\"2023-09-12T18:47:29+00:00\",\"dateModified\":\"2023-11-20T19:27:13+00:00\",\"breadcrumb\":{\"@id\":\"https:\/\/uniformesludo.cl\/index.php\/producto\/casquete-porta-visor-amarillo\/#breadcrumb\"},\"inLanguage\":\"es\",\"potentialAction\":[{\"@type\":\"ReadAction\",\"target\":[\"https:\/\/uniformesludo.cl\/index.php\/producto\/casquete-porta-visor-amarillo\/\"]}]},{\"@type\":\"ImageObject\",\"inLanguage\":\"es\",\"@id\":\"https:\/\/uniformesludo.cl\/index.php\/producto\/casquete-porta-visor-amarillo\/#primaryimage\",\"url\":\"https:\/\/uniformesludo.cl\/wp-content\/uploads\/2023\/09\/CASQUETE-PORTA-VISOR-AMARILLO.png\",\"contentUrl\":\"https:\/\/uniformesludo.cl\/wp-content\/uploads\/2023\/09\/CASQUETE-PORTA-VISOR-AMARILLO.png\",\"width\":459,\"height\":459},{\"@type\":\"BreadcrumbList\",\"@id\":\"https:\/\/uniformesludo.cl\/index.php\/producto\/casquete-porta-visor-amarillo\/#breadcrumb\",\"itemListElement\":[{\"@type\":\"ListItem\",\"position\":1,\"name\":\"Portada\",\"item\":\"https:\/\/uniformesludo.cl\/\"},{\"@type\":\"ListItem\",\"position\":2,\"name\":\"Tienda\",\"item\":\"https:\/\/uniformesludo.cl\/index.php\/tienda\/\"},{\"@type\":\"ListItem\",\"position\":3,\"name\":\"CASQUETE PORTA VISOR AMARILLO\"}]},{\"@type\":\"WebSite\",\"@id\":\"https:\/\/uniformesludo.cl\/#website\",\"url\":\"https:\/\/uniformesludo.cl\/\",\"name\":\"Uniformes Ludo\",\"description\":\"Es una de las empresas comercializadoras de Ropa de trabajo, confecci\u00f3n, productos de protecci\u00f3n, prevenci\u00f3n y seguridad una de las m\u00e1s importantes de nuestro pa\u00eds, reconocida a nivel Nacional, con numerosos clientes a lo largo de Chile que avalan su compromiso de calidad. De igual forma, existe una permanente preocupaci\u00f3n por mantener un servicio integral de excelencia que permita identificarnos como \u201cel mejor equipo, la mejor empresa e inversi\u00f3n\u201d.\",\"potentialAction\":[{\"@type\":\"SearchAction\",\"target\":{\"@type\":\"EntryPoint\",\"urlTemplate\":\"https:\/\/uniformesludo.cl\/?s={search_term_string}\"},\"query-input\":{\"@type\":\"PropertyValueSpecification\",\"valueRequired\":true,\"valueName\":\"search_term_string\"}}],\"inLanguage\":\"es\"}]}<\/script>\n<!-- \/ Yoast SEO plugin. -->","yoast_head_json":{"title":"CASQUETE PORTA VISOR AMARILLO - Uniformes Ludo","robots":{"index":"index","follow":"follow","max-snippet":"max-snippet:-1","max-image-preview":"max-image-preview:large","max-video-preview":"max-video-preview:-1"},"canonical":"https:\/\/uniformesludo.cl\/index.php\/producto\/casquete-porta-visor-amarillo\/","og_locale":"es_ES","og_type":"article","og_title":"CASQUETE PORTA VISOR AMARILLO - Uniformes Ludo","og_description":"Cotizar","og_url":"https:\/\/uniformesludo.cl\/index.php\/producto\/casquete-porta-visor-amarillo\/","og_site_name":"Uniformes Ludo","article_modified_time":"2023-11-20T19:27:13+00:00","og_image":[{"width":459,"height":459,"url":"https:\/\/uniformesludo.cl\/wp-content\/uploads\/2023\/09\/CASQUETE-PORTA-VISOR-AMARILLO.png","type":"image\/png"}],"twitter_card":"summary_large_image","schema":{"@context":"https:\/\/schema.org","@graph":[{"@type":"WebPage","@id":"https:\/\/uniformesludo.cl\/index.php\/producto\/casquete-porta-visor-amarillo\/","url":"https:\/\/uniformesludo.cl\/index.php\/producto\/casquete-porta-visor-amarillo\/","name":"CASQUETE PORTA VISOR AMARILLO - Uniformes Ludo","isPartOf":{"@id":"https:\/\/uniformesludo.cl\/#website"},"primaryImageOfPage":{"@id":"https:\/\/uniformesludo.cl\/index.php\/producto\/casquete-porta-visor-amarillo\/#primaryimage"},"image":{"@id":"https:\/\/uniformesludo.cl\/index.php\/producto\/casquete-porta-visor-amarillo\/#primaryimage"},"thumbnailUrl":"https:\/\/uniformesludo.cl\/wp-content\/uploads\/2023\/09\/CASQUETE-PORTA-VISOR-AMARILLO.png","datePublished":"2023-09-12T18:47:29+00:00","dateModified":"2023-11-20T19:27:13+00:00","breadcrumb":{"@id":"https:\/\/uniformesludo.cl\/index.php\/producto\/casquete-porta-visor-amarillo\/#breadcrumb"},"inLanguage":"es","potentialAction":[{"@type":"ReadAction","target":["https:\/\/uniformesludo.cl\/index.php\/producto\/casquete-porta-visor-amarillo\/"]}]},{"@type":"ImageObject","inLanguage":"es","@id":"https:\/\/uniformesludo.cl\/index.php\/producto\/casquete-porta-visor-amarillo\/#primaryimage","url":"https:\/\/uniformesludo.cl\/wp-content\/uploads\/2023\/09\/CASQUETE-PORTA-VISOR-AMARILLO.png","contentUrl":"https:\/\/uniformesludo.cl\/wp-content\/uploads\/2023\/09\/CASQUETE-PORTA-VISOR-AMARILLO.png","width":459,"height":459},{"@type":"BreadcrumbList","@id":"https:\/\/uniformesludo.cl\/index.php\/producto\/casquete-porta-visor-amarillo\/#breadcrumb","itemListElement":[{"@type":"ListItem","position":1,"name":"Portada","item":"https:\/\/uniformesludo.cl\/"},{"@type":"ListItem","position":2,"name":"Tienda","item":"https:\/\/uniformesludo.cl\/index.php\/tienda\/"},{"@type":"ListItem","position":3,"name":"CASQUETE PORTA VISOR AMARILLO"}]},{"@type":"WebSite","@id":"https:\/\/uniformesludo.cl\/#website","url":"https:\/\/uniformesludo.cl\/","name":"Uniformes Ludo","description":"Es una de las empresas comercializadoras de Ropa de trabajo, confecci\u00f3n, productos de protecci\u00f3n, prevenci\u00f3n y seguridad una de las m\u00e1s importantes de nuestro pa\u00eds, reconocida a nivel Nacional, con numerosos clientes a lo largo de Chile que avalan su compromiso de calidad. De igual forma, existe una permanente preocupaci\u00f3n por mantener un servicio integral de excelencia que permita identificarnos como \u201cel mejor equipo, la mejor empresa e inversi\u00f3n\u201d.","potentialAction":[{"@type":"SearchAction","target":{"@type":"EntryPoint","urlTemplate":"https:\/\/uniformesludo.cl\/?s={search_term_string}"},"query-input":{"@type":"PropertyValueSpecification","valueRequired":true,"valueName":"search_term_string"}}],"inLanguage":"es"}]}},"_links":{"self":[{"href":"https:\/\/uniformesludo.cl\/index.php\/wp-json\/wp\/v2\/product\/10013427","targetHints":{"allow":["GET"]}}],"collection":[{"href":"https:\/\/uniformesludo.cl\/index.php\/wp-json\/wp\/v2\/product"}],"about":[{"href":"https:\/\/uniformesludo.cl\/index.php\/wp-json\/wp\/v2\/types\/product"}],"replies":[{"embeddable":true,"href":"https:\/\/uniformesludo.cl\/index.php\/wp-json\/wp\/v2\/comments?post=10013427"}],"wp:featuredmedia":[{"embeddable":true,"href":"https:\/\/uniformesludo.cl\/index.php\/wp-json\/wp\/v2\/media\/10013428"}],"wp:attachment":[{"href":"https:\/\/uniformesludo.cl\/index.php\/wp-json\/wp\/v2\/media?parent=10013427"}],"wp:term":[{"taxonomy":"product_brand","embeddable":true,"href":"https:\/\/uniformesludo.cl\/index.php\/wp-json\/wp\/v2\/product_brand?post=10013427"},{"taxonomy":"product_cat","embeddable":true,"href":"https:\/\/uniformesludo.cl\/index.php\/wp-json\/wp\/v2\/product_cat?post=10013427"},{"taxonomy":"product_tag","embeddable":true,"href":"https:\/\/uniformesludo.cl\/index.php\/wp-json\/wp\/v2\/product_tag?post=10013427"}],"curies":[{"name":"wp","href":"https:\/\/api.w.org\/{rel}","templated":true}]}}

<!-- This site is optimized with the Yoast SEO plugin v26.5 - https://yoast.com/wordpress/plugins/seo/ -->
<title>CASQUETE PORTA VISOR AMARILLO - Uniformes Ludo</title>
<meta name="robots" content="index, follow, max-snippet:-1, max-image-preview:large, max-video-preview:-1" />
<link rel="canonical" href="https://uniformesludo.cl/index.php/producto/casquete-porta-visor-amarillo/" />
<meta property="og:locale" content="es_ES" />
<meta property="og:type" content="article" />
<meta property="og:title" content="CASQUETE PORTA VISOR AMARILLO - Uniformes Ludo" />
<meta property="og:description" content="Cotizar" />
<meta property="og:url" content="https://uniformesludo.cl/index.php/producto/casquete-porta-visor-amarillo/" />
<meta property="og:site_name" content="Uniformes Ludo" />
<meta property="article:modified_time" content="2023-11-20T19:27:13+00:00" />
<meta property="og:image" content="https://uniformesludo.cl/wp-content/uploads/2023/09/CASQUETE-PORTA-VISOR-AMARILLO.png" />
	<meta property="og:image:width" content="459" />
	<meta property="og:image:height" content="459" />
	<meta property="og:image:type" content="image/png" />
<meta name="twitter:card" content="summary_large_image" />
<script type="application/ld+json" class="yoast-schema-graph">{"@context":"https://schema.org","@graph":[{"@type":"WebPage","@id":"https://uniformesludo.cl/index.php/producto/casquete-porta-visor-amarillo/","url":"https://uniformesludo.cl/index.php/producto/casquete-porta-visor-amarillo/","name":"CASQUETE PORTA VISOR AMARILLO - Uniformes Ludo","isPartOf":{"@id":"https://uniformesludo.cl/#website"},"primaryImageOfPage":{"@id":"https://uniformesludo.cl/index.php/producto/casquete-porta-visor-amarillo/#primaryimage"},"image":{"@id":"https://uniformesludo.cl/index.php/producto/casquete-porta-visor-amarillo/#primaryimage"},"thumbnailUrl":"https://uniformesludo.cl/wp-content/uploads/2023/09/CASQUETE-PORTA-VISOR-AMARILLO.png","datePublished":"2023-09-12T18:47:29+00:00","dateModified":"2023-11-20T19:27:13+00:00","breadcrumb":{"@id":"https://uniformesludo.cl/index.php/producto/casquete-porta-visor-amarillo/#breadcrumb"},"inLanguage":"es","potentialAction":[{"@type":"ReadAction","target":["https://uniformesludo.cl/index.php/producto/casquete-porta-visor-amarillo/"]}]},{"@type":"ImageObject","inLanguage":"es","@id":"https://uniformesludo.cl/index.php/producto/casquete-porta-visor-amarillo/#primaryimage","url":"https://uniformesludo.cl/wp-content/uploads/2023/09/CASQUETE-PORTA-VISOR-AMARILLO.png","contentUrl":"https://uniformesludo.cl/wp-content/uploads/2023/09/CASQUETE-PORTA-VISOR-AMARILLO.png","width":459,"height":459},{"@type":"BreadcrumbList","@id":"https://uniformesludo.cl/index.php/producto/casquete-porta-visor-amarillo/#breadcrumb","itemListElement":[{"@type":"ListItem","position":1,"name":"Portada","item":"https://uniformesludo.cl/"},{"@type":"ListItem","position":2,"name":"Tienda","item":"https://uniformesludo.cl/index.php/tienda/"},{"@type":"ListItem","position":3,"name":"CASQUETE PORTA VISOR AMARILLO"}]},{"@type":"WebSite","@id":"https://uniformesludo.cl/#website","url":"https://uniformesludo.cl/","name":"Uniformes Ludo","description":"Es una de las empresas comercializadoras de Ropa de trabajo, confección, productos de protección, prevención y seguridad una de las más importantes de nuestro país, reconocida a nivel Nacional, con numerosos clientes a lo largo de Chile que avalan su compromiso de calidad. De igual forma, existe una permanente preocupación por mantener un servicio integral de excelencia que permita identificarnos como “el mejor equipo, la mejor empresa e inversión”.","potentialAction":[{"@type":"SearchAction","target":{"@type":"EntryPoint","urlTemplate":"https://uniformesludo.cl/?s={search_term_string}"},"query-input":{"@type":"PropertyValueSpecification","valueRequired":true,"valueName":"search_term_string"}}],"inLanguage":"es"}]}</script>
<!-- / Yoast SEO plugin. -->

Es una de las empresas comercializadoras de Ropa de trabajo, confección, productos de protección, prevención y seguridad una de las más importantes de nuestro país, reconocida a nivel Nacional, con numerosos clientes a lo largo de Chile que avalan su compromiso de calidad. De igual forma, existe una permanente preocupación por mantener un servicio integral de excelencia que permita identificarnos como “el mejor equipo, la mejor empresa e inversión”.
