{"id":10012066,"date":"2023-01-24T21:09:21","date_gmt":"2023-01-24T21:09:21","guid":{"rendered":"https:\/\/uniformesludo.cl\/?post_type=product&#038;p=10012066"},"modified":"2023-11-20T19:25:38","modified_gmt":"2023-11-20T19:25:38","slug":"multiherramientas-ideal-tools","status":"publish","type":"product","link":"https:\/\/uniformesludo.cl\/index.php\/producto\/multiherramientas-ideal-tools\/","title":{"rendered":"MULTIHERRAMIENTAS \u00abIDEAL TOOLS\u00bb"},"content":{"rendered":"","protected":false},"excerpt":{"rendered":"<p>17 x 5 x 1,7 cm (pinza abierta) 10,5 x 5 x 1,7 cm (Pinza cerrada). Acero inoxidable 2Cr13. Peso: 245g. Multiherramientas con 9 herramientas: Pinza con alicate, sierra, destornilladores punta plana, destornillador punta philips, destapador, lima, navaja y abre latas. Con funda negra. Ideal para llevarla en el auto o comenzar una gran aventura. Presentaci\u00f3n en caja de regalo.<\/p>\n<div class=\"packing\">\n<div class=\"title\"><strong>Packing<\/strong><\/div>\n<div class=\"measures\">\n<div class=\"packing-label\">Medidas: 33,00 x 28,50 x 21,50 cm<\/div>\n<\/div>\n<div class=\"volume\">\n<div class=\"packing-label\">Volumen: 0,020 m\u00b3<\/div>\n<\/div>\n<div class=\"quantity\">\n<div class=\"packing-label\">Cantidad por caja: 50<\/div>\n<\/div>\n<div class=\"weight\">\n<div class=\"packing-label\">Peso total: 14,00 kg<\/div>\n<\/div>\n<\/div>\n<p><a id=\"btncotizar\" href=\"https:\/\/uniformesludo.cl\/index.php\/cotizacion\/\">Cotizar<\/a><\/p>\n","protected":false},"featured_media":10012067,"comment_status":"closed","ping_status":"closed","template":"","meta":[],"product_brand":[],"product_cat":[504],"product_tag":[],"class_list":{"0":"post-10012066","1":"product","2":"type-product","3":"status-publish","4":"has-post-thumbnail","6":"product_cat-articulos-publicitarios","8":"first","9":"instock","10":"shipping-taxable","11":"product-type-simple"},"aioseo_notices":[],"yoast_head":"<!-- This site is optimized with the Yoast SEO plugin v26.5 - https:\/\/yoast.com\/wordpress\/plugins\/seo\/ -->\n<title>MULTIHERRAMIENTAS &quot;IDEAL TOOLS&quot; - Uniformes Ludo<\/title>\n<meta name=\"robots\" content=\"index, follow, max-snippet:-1, max-image-preview:large, max-video-preview:-1\" \/>\n<link rel=\"canonical\" href=\"https:\/\/uniformesludo.cl\/index.php\/producto\/multiherramientas-ideal-tools\/\" \/>\n<meta property=\"og:locale\" content=\"es_ES\" \/>\n<meta property=\"og:type\" content=\"article\" \/>\n<meta property=\"og:title\" content=\"MULTIHERRAMIENTAS &quot;IDEAL TOOLS&quot; - Uniformes Ludo\" \/>\n<meta property=\"og:description\" content=\"17 x 5 x 1,7 cm (pinza abierta) 10,5 x 5 x 1,7 cm (Pinza cerrada). Acero inoxidable 2Cr13. Peso: 245g. Multiherramientas con 9 herramientas: Pinza con alicate, sierra, destornilladores punta plana, destornillador punta philips, destapador, lima, navaja y abre latas. Con funda negra. Ideal para llevarla en el auto o comenzar una gran aventura. Presentaci\u00f3n en caja de regalo.  Packing  Medidas: 33,00 x 28,50 x 21,50 cm   Volumen: 0,020 m\u00b3   Cantidad por caja: 50   Peso total: 14,00 kg    Cotizar\" \/>\n<meta property=\"og:url\" content=\"https:\/\/uniformesludo.cl\/index.php\/producto\/multiherramientas-ideal-tools\/\" \/>\n<meta property=\"og:site_name\" content=\"Uniformes Ludo\" \/>\n<meta property=\"article:modified_time\" content=\"2023-11-20T19:25:38+00:00\" \/>\n<meta property=\"og:image\" content=\"https:\/\/uniformesludo.cl\/wp-content\/uploads\/2023\/01\/alt__promocional_publicitario_pinza_nomawalk_K104_herramientas.jpg\" \/>\n\t<meta property=\"og:image:width\" content=\"700\" \/>\n\t<meta property=\"og:image:height\" content=\"700\" \/>\n\t<meta property=\"og:image:type\" content=\"image\/jpeg\" \/>\n<meta name=\"twitter:card\" content=\"summary_large_image\" \/>\n<script type=\"application\/ld+json\" class=\"yoast-schema-graph\">{\"@context\":\"https:\/\/schema.org\",\"@graph\":[{\"@type\":\"WebPage\",\"@id\":\"https:\/\/uniformesludo.cl\/index.php\/producto\/multiherramientas-ideal-tools\/\",\"url\":\"https:\/\/uniformesludo.cl\/index.php\/producto\/multiherramientas-ideal-tools\/\",\"name\":\"MULTIHERRAMIENTAS \\\"IDEAL TOOLS\\\" - Uniformes Ludo\",\"isPartOf\":{\"@id\":\"https:\/\/uniformesludo.cl\/#website\"},\"primaryImageOfPage\":{\"@id\":\"https:\/\/uniformesludo.cl\/index.php\/producto\/multiherramientas-ideal-tools\/#primaryimage\"},\"image\":{\"@id\":\"https:\/\/uniformesludo.cl\/index.php\/producto\/multiherramientas-ideal-tools\/#primaryimage\"},\"thumbnailUrl\":\"https:\/\/uniformesludo.cl\/wp-content\/uploads\/2023\/01\/alt__promocional_publicitario_pinza_nomawalk_K104_herramientas.jpg\",\"datePublished\":\"2023-01-24T21:09:21+00:00\",\"dateModified\":\"2023-11-20T19:25:38+00:00\",\"breadcrumb\":{\"@id\":\"https:\/\/uniformesludo.cl\/index.php\/producto\/multiherramientas-ideal-tools\/#breadcrumb\"},\"inLanguage\":\"es\",\"potentialAction\":[{\"@type\":\"ReadAction\",\"target\":[\"https:\/\/uniformesludo.cl\/index.php\/producto\/multiherramientas-ideal-tools\/\"]}]},{\"@type\":\"ImageObject\",\"inLanguage\":\"es\",\"@id\":\"https:\/\/uniformesludo.cl\/index.php\/producto\/multiherramientas-ideal-tools\/#primaryimage\",\"url\":\"https:\/\/uniformesludo.cl\/wp-content\/uploads\/2023\/01\/alt__promocional_publicitario_pinza_nomawalk_K104_herramientas.jpg\",\"contentUrl\":\"https:\/\/uniformesludo.cl\/wp-content\/uploads\/2023\/01\/alt__promocional_publicitario_pinza_nomawalk_K104_herramientas.jpg\",\"width\":700,\"height\":700},{\"@type\":\"BreadcrumbList\",\"@id\":\"https:\/\/uniformesludo.cl\/index.php\/producto\/multiherramientas-ideal-tools\/#breadcrumb\",\"itemListElement\":[{\"@type\":\"ListItem\",\"position\":1,\"name\":\"Portada\",\"item\":\"https:\/\/uniformesludo.cl\/\"},{\"@type\":\"ListItem\",\"position\":2,\"name\":\"Tienda\",\"item\":\"https:\/\/uniformesludo.cl\/index.php\/tienda\/\"},{\"@type\":\"ListItem\",\"position\":3,\"name\":\"MULTIHERRAMIENTAS \u00abIDEAL TOOLS\u00bb\"}]},{\"@type\":\"WebSite\",\"@id\":\"https:\/\/uniformesludo.cl\/#website\",\"url\":\"https:\/\/uniformesludo.cl\/\",\"name\":\"Uniformes Ludo\",\"description\":\"Es una de las empresas comercializadoras de Ropa de trabajo, confecci\u00f3n, productos de protecci\u00f3n, prevenci\u00f3n y seguridad una de las m\u00e1s importantes de nuestro pa\u00eds, reconocida a nivel Nacional, con numerosos clientes a lo largo de Chile que avalan su compromiso de calidad. De igual forma, existe una permanente preocupaci\u00f3n por mantener un servicio integral de excelencia que permita identificarnos como \u201cel mejor equipo, la mejor empresa e inversi\u00f3n\u201d.\",\"potentialAction\":[{\"@type\":\"SearchAction\",\"target\":{\"@type\":\"EntryPoint\",\"urlTemplate\":\"https:\/\/uniformesludo.cl\/?s={search_term_string}\"},\"query-input\":{\"@type\":\"PropertyValueSpecification\",\"valueRequired\":true,\"valueName\":\"search_term_string\"}}],\"inLanguage\":\"es\"}]}<\/script>\n<!-- \/ Yoast SEO plugin. -->","yoast_head_json":{"title":"MULTIHERRAMIENTAS \"IDEAL TOOLS\" - Uniformes Ludo","robots":{"index":"index","follow":"follow","max-snippet":"max-snippet:-1","max-image-preview":"max-image-preview:large","max-video-preview":"max-video-preview:-1"},"canonical":"https:\/\/uniformesludo.cl\/index.php\/producto\/multiherramientas-ideal-tools\/","og_locale":"es_ES","og_type":"article","og_title":"MULTIHERRAMIENTAS \"IDEAL TOOLS\" - Uniformes Ludo","og_description":"17 x 5 x 1,7 cm (pinza abierta) 10,5 x 5 x 1,7 cm (Pinza cerrada). Acero inoxidable 2Cr13. Peso: 245g. Multiherramientas con 9 herramientas: Pinza con alicate, sierra, destornilladores punta plana, destornillador punta philips, destapador, lima, navaja y abre latas. Con funda negra. Ideal para llevarla en el auto o comenzar una gran aventura. Presentaci\u00f3n en caja de regalo.  Packing  Medidas: 33,00 x 28,50 x 21,50 cm   Volumen: 0,020 m\u00b3   Cantidad por caja: 50   Peso total: 14,00 kg    Cotizar","og_url":"https:\/\/uniformesludo.cl\/index.php\/producto\/multiherramientas-ideal-tools\/","og_site_name":"Uniformes Ludo","article_modified_time":"2023-11-20T19:25:38+00:00","og_image":[{"width":700,"height":700,"url":"https:\/\/uniformesludo.cl\/wp-content\/uploads\/2023\/01\/alt__promocional_publicitario_pinza_nomawalk_K104_herramientas.jpg","type":"image\/jpeg"}],"twitter_card":"summary_large_image","schema":{"@context":"https:\/\/schema.org","@graph":[{"@type":"WebPage","@id":"https:\/\/uniformesludo.cl\/index.php\/producto\/multiherramientas-ideal-tools\/","url":"https:\/\/uniformesludo.cl\/index.php\/producto\/multiherramientas-ideal-tools\/","name":"MULTIHERRAMIENTAS \"IDEAL TOOLS\" - Uniformes Ludo","isPartOf":{"@id":"https:\/\/uniformesludo.cl\/#website"},"primaryImageOfPage":{"@id":"https:\/\/uniformesludo.cl\/index.php\/producto\/multiherramientas-ideal-tools\/#primaryimage"},"image":{"@id":"https:\/\/uniformesludo.cl\/index.php\/producto\/multiherramientas-ideal-tools\/#primaryimage"},"thumbnailUrl":"https:\/\/uniformesludo.cl\/wp-content\/uploads\/2023\/01\/alt__promocional_publicitario_pinza_nomawalk_K104_herramientas.jpg","datePublished":"2023-01-24T21:09:21+00:00","dateModified":"2023-11-20T19:25:38+00:00","breadcrumb":{"@id":"https:\/\/uniformesludo.cl\/index.php\/producto\/multiherramientas-ideal-tools\/#breadcrumb"},"inLanguage":"es","potentialAction":[{"@type":"ReadAction","target":["https:\/\/uniformesludo.cl\/index.php\/producto\/multiherramientas-ideal-tools\/"]}]},{"@type":"ImageObject","inLanguage":"es","@id":"https:\/\/uniformesludo.cl\/index.php\/producto\/multiherramientas-ideal-tools\/#primaryimage","url":"https:\/\/uniformesludo.cl\/wp-content\/uploads\/2023\/01\/alt__promocional_publicitario_pinza_nomawalk_K104_herramientas.jpg","contentUrl":"https:\/\/uniformesludo.cl\/wp-content\/uploads\/2023\/01\/alt__promocional_publicitario_pinza_nomawalk_K104_herramientas.jpg","width":700,"height":700},{"@type":"BreadcrumbList","@id":"https:\/\/uniformesludo.cl\/index.php\/producto\/multiherramientas-ideal-tools\/#breadcrumb","itemListElement":[{"@type":"ListItem","position":1,"name":"Portada","item":"https:\/\/uniformesludo.cl\/"},{"@type":"ListItem","position":2,"name":"Tienda","item":"https:\/\/uniformesludo.cl\/index.php\/tienda\/"},{"@type":"ListItem","position":3,"name":"MULTIHERRAMIENTAS \u00abIDEAL TOOLS\u00bb"}]},{"@type":"WebSite","@id":"https:\/\/uniformesludo.cl\/#website","url":"https:\/\/uniformesludo.cl\/","name":"Uniformes Ludo","description":"Es una de las empresas comercializadoras de Ropa de trabajo, confecci\u00f3n, productos de protecci\u00f3n, prevenci\u00f3n y seguridad una de las m\u00e1s importantes de nuestro pa\u00eds, reconocida a nivel Nacional, con numerosos clientes a lo largo de Chile que avalan su compromiso de calidad. De igual forma, existe una permanente preocupaci\u00f3n por mantener un servicio integral de excelencia que permita identificarnos como \u201cel mejor equipo, la mejor empresa e inversi\u00f3n\u201d.","potentialAction":[{"@type":"SearchAction","target":{"@type":"EntryPoint","urlTemplate":"https:\/\/uniformesludo.cl\/?s={search_term_string}"},"query-input":{"@type":"PropertyValueSpecification","valueRequired":true,"valueName":"search_term_string"}}],"inLanguage":"es"}]}},"_links":{"self":[{"href":"https:\/\/uniformesludo.cl\/index.php\/wp-json\/wp\/v2\/product\/10012066","targetHints":{"allow":["GET"]}}],"collection":[{"href":"https:\/\/uniformesludo.cl\/index.php\/wp-json\/wp\/v2\/product"}],"about":[{"href":"https:\/\/uniformesludo.cl\/index.php\/wp-json\/wp\/v2\/types\/product"}],"replies":[{"embeddable":true,"href":"https:\/\/uniformesludo.cl\/index.php\/wp-json\/wp\/v2\/comments?post=10012066"}],"wp:featuredmedia":[{"embeddable":true,"href":"https:\/\/uniformesludo.cl\/index.php\/wp-json\/wp\/v2\/media\/10012067"}],"wp:attachment":[{"href":"https:\/\/uniformesludo.cl\/index.php\/wp-json\/wp\/v2\/media?parent=10012066"}],"wp:term":[{"taxonomy":"product_brand","embeddable":true,"href":"https:\/\/uniformesludo.cl\/index.php\/wp-json\/wp\/v2\/product_brand?post=10012066"},{"taxonomy":"product_cat","embeddable":true,"href":"https:\/\/uniformesludo.cl\/index.php\/wp-json\/wp\/v2\/product_cat?post=10012066"},{"taxonomy":"product_tag","embeddable":true,"href":"https:\/\/uniformesludo.cl\/index.php\/wp-json\/wp\/v2\/product_tag?post=10012066"}],"curies":[{"name":"wp","href":"https:\/\/api.w.org\/{rel}","templated":true}]}}