{"id":10010036,"date":"2021-12-22T19:32:36","date_gmt":"2021-12-22T19:32:36","guid":{"rendered":"https:\/\/uniformesludo.cl\/?post_type=product&#038;p=10010036"},"modified":"2023-11-20T19:24:52","modified_gmt":"2023-11-20T19:24:52","slug":"catre-semi-electrico","status":"publish","type":"product","link":"https:\/\/uniformesludo.cl\/index.php\/producto\/catre-semi-electrico\/","title":{"rendered":"Catre semi el\u00e9ctrico"},"content":{"rendered":"<ul class=\"icons\">\n<li>Importado USA<\/li>\n<li><i class=\"fa fa-caret-right text-color-859265-color\"><\/i>Control con 4 botones para 2 movimientos<\/li>\n<li><i class=\"fa fa-caret-right text-color-859265-color\"><\/i>2 movimientos el\u00e9ctricos, pies y cabeza<\/li>\n<li><i class=\"fa fa-caret-right text-color-859265-color\"><\/i>4 ruedas, 2 con frenos<\/li>\n<li><i class=\"fa fa-caret-right text-color-859265-color\"><\/i>Estructura de acero esmaltado<\/li>\n<li><i class=\"fa fa-caret-right text-color-859265-color\"><\/i>Barandas cromadas desmontables y regulables<\/li>\n<li><i class=\"fa fa-caret-right text-color-859265-color\"><\/i>Respaldos de madera enchapada color caf\u00e9<\/li>\n<li><i class=\"fa fa-caret-right text-color-859265-color\"><\/i>Regulaci\u00f3n de altura en forma manual<\/li>\n<li><i class=\"fa fa-caret-right text-color-859265-color\"><\/i>Medidas externas 225cms largo x 100 cms ancho.<\/li>\n<li><i class=\"fa fa-caret-right text-color-859265-color\"><\/i>Resiste hasta 100 kilos<\/li>\n<\/ul>\n","protected":false},"excerpt":{"rendered":"<p><a id=\"btncotizar\" href=\"https:\/\/uniformesludo.cl\/index.php\/cotizacion\/\">Cotizar<\/a><\/p>\n","protected":false},"featured_media":10010037,"comment_status":"closed","ping_status":"closed","template":"","meta":[],"product_brand":[],"product_cat":[258],"product_tag":[],"class_list":{"0":"post-10010036","1":"product","2":"type-product","3":"status-publish","4":"has-post-thumbnail","6":"product_cat-ludo-higiene","8":"first","9":"instock","10":"shipping-taxable","11":"product-type-simple"},"aioseo_notices":[],"yoast_head":"<!-- This site is optimized with the Yoast SEO plugin v26.5 - https:\/\/yoast.com\/wordpress\/plugins\/seo\/ -->\n<title>Catre semi el\u00e9ctrico - Uniformes Ludo<\/title>\n<meta name=\"robots\" content=\"index, follow, max-snippet:-1, max-image-preview:large, max-video-preview:-1\" \/>\n<link rel=\"canonical\" href=\"https:\/\/uniformesludo.cl\/index.php\/producto\/catre-semi-electrico\/\" \/>\n<meta property=\"og:locale\" content=\"es_ES\" \/>\n<meta property=\"og:type\" content=\"article\" \/>\n<meta property=\"og:title\" content=\"Catre semi el\u00e9ctrico - Uniformes Ludo\" \/>\n<meta property=\"og:description\" content=\"Cotizar\" \/>\n<meta property=\"og:url\" content=\"https:\/\/uniformesludo.cl\/index.php\/producto\/catre-semi-electrico\/\" \/>\n<meta property=\"og:site_name\" content=\"Uniformes Ludo\" \/>\n<meta property=\"article:modified_time\" content=\"2023-11-20T19:24:52+00:00\" \/>\n<meta property=\"og:image\" content=\"https:\/\/uniformesludo.cl\/wp-content\/uploads\/2021\/12\/catre-electrico-1.jpg\" \/>\n\t<meta property=\"og:image:width\" content=\"960\" \/>\n\t<meta property=\"og:image:height\" content=\"960\" \/>\n\t<meta property=\"og:image:type\" content=\"image\/jpeg\" \/>\n<meta name=\"twitter:card\" content=\"summary_large_image\" \/>\n<script type=\"application\/ld+json\" class=\"yoast-schema-graph\">{\"@context\":\"https:\/\/schema.org\",\"@graph\":[{\"@type\":\"WebPage\",\"@id\":\"https:\/\/uniformesludo.cl\/index.php\/producto\/catre-semi-electrico\/\",\"url\":\"https:\/\/uniformesludo.cl\/index.php\/producto\/catre-semi-electrico\/\",\"name\":\"Catre semi el\u00e9ctrico - Uniformes Ludo\",\"isPartOf\":{\"@id\":\"https:\/\/uniformesludo.cl\/#website\"},\"primaryImageOfPage\":{\"@id\":\"https:\/\/uniformesludo.cl\/index.php\/producto\/catre-semi-electrico\/#primaryimage\"},\"image\":{\"@id\":\"https:\/\/uniformesludo.cl\/index.php\/producto\/catre-semi-electrico\/#primaryimage\"},\"thumbnailUrl\":\"https:\/\/uniformesludo.cl\/wp-content\/uploads\/2021\/12\/catre-electrico-1.jpg\",\"datePublished\":\"2021-12-22T19:32:36+00:00\",\"dateModified\":\"2023-11-20T19:24:52+00:00\",\"breadcrumb\":{\"@id\":\"https:\/\/uniformesludo.cl\/index.php\/producto\/catre-semi-electrico\/#breadcrumb\"},\"inLanguage\":\"es\",\"potentialAction\":[{\"@type\":\"ReadAction\",\"target\":[\"https:\/\/uniformesludo.cl\/index.php\/producto\/catre-semi-electrico\/\"]}]},{\"@type\":\"ImageObject\",\"inLanguage\":\"es\",\"@id\":\"https:\/\/uniformesludo.cl\/index.php\/producto\/catre-semi-electrico\/#primaryimage\",\"url\":\"https:\/\/uniformesludo.cl\/wp-content\/uploads\/2021\/12\/catre-electrico-1.jpg\",\"contentUrl\":\"https:\/\/uniformesludo.cl\/wp-content\/uploads\/2021\/12\/catre-electrico-1.jpg\",\"width\":960,\"height\":960},{\"@type\":\"BreadcrumbList\",\"@id\":\"https:\/\/uniformesludo.cl\/index.php\/producto\/catre-semi-electrico\/#breadcrumb\",\"itemListElement\":[{\"@type\":\"ListItem\",\"position\":1,\"name\":\"Portada\",\"item\":\"https:\/\/uniformesludo.cl\/\"},{\"@type\":\"ListItem\",\"position\":2,\"name\":\"Tienda\",\"item\":\"https:\/\/uniformesludo.cl\/index.php\/tienda\/\"},{\"@type\":\"ListItem\",\"position\":3,\"name\":\"Catre semi el\u00e9ctrico\"}]},{\"@type\":\"WebSite\",\"@id\":\"https:\/\/uniformesludo.cl\/#website\",\"url\":\"https:\/\/uniformesludo.cl\/\",\"name\":\"Uniformes Ludo\",\"description\":\"Es una de las empresas comercializadoras de Ropa de trabajo, confecci\u00f3n, productos de protecci\u00f3n, prevenci\u00f3n y seguridad una de las m\u00e1s importantes de nuestro pa\u00eds, reconocida a nivel Nacional, con numerosos clientes a lo largo de Chile que avalan su compromiso de calidad. De igual forma, existe una permanente preocupaci\u00f3n por mantener un servicio integral de excelencia que permita identificarnos como \u201cel mejor equipo, la mejor empresa e inversi\u00f3n\u201d.\",\"potentialAction\":[{\"@type\":\"SearchAction\",\"target\":{\"@type\":\"EntryPoint\",\"urlTemplate\":\"https:\/\/uniformesludo.cl\/?s={search_term_string}\"},\"query-input\":{\"@type\":\"PropertyValueSpecification\",\"valueRequired\":true,\"valueName\":\"search_term_string\"}}],\"inLanguage\":\"es\"}]}<\/script>\n<!-- \/ Yoast SEO plugin. -->","yoast_head_json":{"title":"Catre semi el\u00e9ctrico - Uniformes Ludo","robots":{"index":"index","follow":"follow","max-snippet":"max-snippet:-1","max-image-preview":"max-image-preview:large","max-video-preview":"max-video-preview:-1"},"canonical":"https:\/\/uniformesludo.cl\/index.php\/producto\/catre-semi-electrico\/","og_locale":"es_ES","og_type":"article","og_title":"Catre semi el\u00e9ctrico - Uniformes Ludo","og_description":"Cotizar","og_url":"https:\/\/uniformesludo.cl\/index.php\/producto\/catre-semi-electrico\/","og_site_name":"Uniformes Ludo","article_modified_time":"2023-11-20T19:24:52+00:00","og_image":[{"width":960,"height":960,"url":"https:\/\/uniformesludo.cl\/wp-content\/uploads\/2021\/12\/catre-electrico-1.jpg","type":"image\/jpeg"}],"twitter_card":"summary_large_image","schema":{"@context":"https:\/\/schema.org","@graph":[{"@type":"WebPage","@id":"https:\/\/uniformesludo.cl\/index.php\/producto\/catre-semi-electrico\/","url":"https:\/\/uniformesludo.cl\/index.php\/producto\/catre-semi-electrico\/","name":"Catre semi el\u00e9ctrico - Uniformes Ludo","isPartOf":{"@id":"https:\/\/uniformesludo.cl\/#website"},"primaryImageOfPage":{"@id":"https:\/\/uniformesludo.cl\/index.php\/producto\/catre-semi-electrico\/#primaryimage"},"image":{"@id":"https:\/\/uniformesludo.cl\/index.php\/producto\/catre-semi-electrico\/#primaryimage"},"thumbnailUrl":"https:\/\/uniformesludo.cl\/wp-content\/uploads\/2021\/12\/catre-electrico-1.jpg","datePublished":"2021-12-22T19:32:36+00:00","dateModified":"2023-11-20T19:24:52+00:00","breadcrumb":{"@id":"https:\/\/uniformesludo.cl\/index.php\/producto\/catre-semi-electrico\/#breadcrumb"},"inLanguage":"es","potentialAction":[{"@type":"ReadAction","target":["https:\/\/uniformesludo.cl\/index.php\/producto\/catre-semi-electrico\/"]}]},{"@type":"ImageObject","inLanguage":"es","@id":"https:\/\/uniformesludo.cl\/index.php\/producto\/catre-semi-electrico\/#primaryimage","url":"https:\/\/uniformesludo.cl\/wp-content\/uploads\/2021\/12\/catre-electrico-1.jpg","contentUrl":"https:\/\/uniformesludo.cl\/wp-content\/uploads\/2021\/12\/catre-electrico-1.jpg","width":960,"height":960},{"@type":"BreadcrumbList","@id":"https:\/\/uniformesludo.cl\/index.php\/producto\/catre-semi-electrico\/#breadcrumb","itemListElement":[{"@type":"ListItem","position":1,"name":"Portada","item":"https:\/\/uniformesludo.cl\/"},{"@type":"ListItem","position":2,"name":"Tienda","item":"https:\/\/uniformesludo.cl\/index.php\/tienda\/"},{"@type":"ListItem","position":3,"name":"Catre semi el\u00e9ctrico"}]},{"@type":"WebSite","@id":"https:\/\/uniformesludo.cl\/#website","url":"https:\/\/uniformesludo.cl\/","name":"Uniformes Ludo","description":"Es una de las empresas comercializadoras de Ropa de trabajo, confecci\u00f3n, productos de protecci\u00f3n, prevenci\u00f3n y seguridad una de las m\u00e1s importantes de nuestro pa\u00eds, reconocida a nivel Nacional, con numerosos clientes a lo largo de Chile que avalan su compromiso de calidad. De igual forma, existe una permanente preocupaci\u00f3n por mantener un servicio integral de excelencia que permita identificarnos como \u201cel mejor equipo, la mejor empresa e inversi\u00f3n\u201d.","potentialAction":[{"@type":"SearchAction","target":{"@type":"EntryPoint","urlTemplate":"https:\/\/uniformesludo.cl\/?s={search_term_string}"},"query-input":{"@type":"PropertyValueSpecification","valueRequired":true,"valueName":"search_term_string"}}],"inLanguage":"es"}]}},"_links":{"self":[{"href":"https:\/\/uniformesludo.cl\/index.php\/wp-json\/wp\/v2\/product\/10010036","targetHints":{"allow":["GET"]}}],"collection":[{"href":"https:\/\/uniformesludo.cl\/index.php\/wp-json\/wp\/v2\/product"}],"about":[{"href":"https:\/\/uniformesludo.cl\/index.php\/wp-json\/wp\/v2\/types\/product"}],"replies":[{"embeddable":true,"href":"https:\/\/uniformesludo.cl\/index.php\/wp-json\/wp\/v2\/comments?post=10010036"}],"wp:featuredmedia":[{"embeddable":true,"href":"https:\/\/uniformesludo.cl\/index.php\/wp-json\/wp\/v2\/media\/10010037"}],"wp:attachment":[{"href":"https:\/\/uniformesludo.cl\/index.php\/wp-json\/wp\/v2\/media?parent=10010036"}],"wp:term":[{"taxonomy":"product_brand","embeddable":true,"href":"https:\/\/uniformesludo.cl\/index.php\/wp-json\/wp\/v2\/product_brand?post=10010036"},{"taxonomy":"product_cat","embeddable":true,"href":"https:\/\/uniformesludo.cl\/index.php\/wp-json\/wp\/v2\/product_cat?post=10010036"},{"taxonomy":"product_tag","embeddable":true,"href":"https:\/\/uniformesludo.cl\/index.php\/wp-json\/wp\/v2\/product_tag?post=10010036"}],"curies":[{"name":"wp","href":"https:\/\/api.w.org\/{rel}","templated":true}]}}

Catre semi eléctrico

<ul class="icons">
<li>Importado USA</li>
<li><i class="fa fa-caret-right text-color-859265-color"></i>Control con 4 botones para 2 movimientos</li>
<li><i class="fa fa-caret-right text-color-859265-color"></i>2 movimientos eléctricos, pies y cabeza</li>
<li><i class="fa fa-caret-right text-color-859265-color"></i>4 ruedas, 2 con frenos</li>
<li><i class="fa fa-caret-right text-color-859265-color"></i>Estructura de acero esmaltado</li>
<li><i class="fa fa-caret-right text-color-859265-color"></i>Barandas cromadas desmontables y regulables</li>
<li><i class="fa fa-caret-right text-color-859265-color"></i>Respaldos de madera enchapada color café</li>
<li><i class="fa fa-caret-right text-color-859265-color"></i>Regulación de altura en forma manual</li>
<li><i class="fa fa-caret-right text-color-859265-color"></i>Medidas externas 225cms largo x 100 cms ancho.</li>
<li><i class="fa fa-caret-right text-color-859265-color"></i>Resiste hasta 100 kilos</li>
</ul>

<!-- This site is optimized with the Yoast SEO plugin v26.5 - https://yoast.com/wordpress/plugins/seo/ -->
<title>Catre semi eléctrico - Uniformes Ludo</title>
<meta name="robots" content="index, follow, max-snippet:-1, max-image-preview:large, max-video-preview:-1" />
<link rel="canonical" href="https://uniformesludo.cl/index.php/producto/catre-semi-electrico/" />
<meta property="og:locale" content="es_ES" />
<meta property="og:type" content="article" />
<meta property="og:title" content="Catre semi eléctrico - Uniformes Ludo" />
<meta property="og:description" content="Cotizar" />
<meta property="og:url" content="https://uniformesludo.cl/index.php/producto/catre-semi-electrico/" />
<meta property="og:site_name" content="Uniformes Ludo" />
<meta property="article:modified_time" content="2023-11-20T19:24:52+00:00" />
<meta property="og:image" content="https://uniformesludo.cl/wp-content/uploads/2021/12/catre-electrico-1.jpg" />
	<meta property="og:image:width" content="960" />
	<meta property="og:image:height" content="960" />
	<meta property="og:image:type" content="image/jpeg" />
<meta name="twitter:card" content="summary_large_image" />
<script type="application/ld+json" class="yoast-schema-graph">{"@context":"https://schema.org","@graph":[{"@type":"WebPage","@id":"https://uniformesludo.cl/index.php/producto/catre-semi-electrico/","url":"https://uniformesludo.cl/index.php/producto/catre-semi-electrico/","name":"Catre semi eléctrico - Uniformes Ludo","isPartOf":{"@id":"https://uniformesludo.cl/#website"},"primaryImageOfPage":{"@id":"https://uniformesludo.cl/index.php/producto/catre-semi-electrico/#primaryimage"},"image":{"@id":"https://uniformesludo.cl/index.php/producto/catre-semi-electrico/#primaryimage"},"thumbnailUrl":"https://uniformesludo.cl/wp-content/uploads/2021/12/catre-electrico-1.jpg","datePublished":"2021-12-22T19:32:36+00:00","dateModified":"2023-11-20T19:24:52+00:00","breadcrumb":{"@id":"https://uniformesludo.cl/index.php/producto/catre-semi-electrico/#breadcrumb"},"inLanguage":"es","potentialAction":[{"@type":"ReadAction","target":["https://uniformesludo.cl/index.php/producto/catre-semi-electrico/"]}]},{"@type":"ImageObject","inLanguage":"es","@id":"https://uniformesludo.cl/index.php/producto/catre-semi-electrico/#primaryimage","url":"https://uniformesludo.cl/wp-content/uploads/2021/12/catre-electrico-1.jpg","contentUrl":"https://uniformesludo.cl/wp-content/uploads/2021/12/catre-electrico-1.jpg","width":960,"height":960},{"@type":"BreadcrumbList","@id":"https://uniformesludo.cl/index.php/producto/catre-semi-electrico/#breadcrumb","itemListElement":[{"@type":"ListItem","position":1,"name":"Portada","item":"https://uniformesludo.cl/"},{"@type":"ListItem","position":2,"name":"Tienda","item":"https://uniformesludo.cl/index.php/tienda/"},{"@type":"ListItem","position":3,"name":"Catre semi eléctrico"}]},{"@type":"WebSite","@id":"https://uniformesludo.cl/#website","url":"https://uniformesludo.cl/","name":"Uniformes Ludo","description":"Es una de las empresas comercializadoras de Ropa de trabajo, confección, productos de protección, prevención y seguridad una de las más importantes de nuestro país, reconocida a nivel Nacional, con numerosos clientes a lo largo de Chile que avalan su compromiso de calidad. De igual forma, existe una permanente preocupación por mantener un servicio integral de excelencia que permita identificarnos como “el mejor equipo, la mejor empresa e inversión”.","potentialAction":[{"@type":"SearchAction","target":{"@type":"EntryPoint","urlTemplate":"https://uniformesludo.cl/?s={search_term_string}"},"query-input":{"@type":"PropertyValueSpecification","valueRequired":true,"valueName":"search_term_string"}}],"inLanguage":"es"}]}</script>
<!-- / Yoast SEO plugin. -->

Catre semi eléctrico - Uniformes Ludo

Es una de las empresas comercializadoras de Ropa de trabajo, confección, productos de protección, prevención y seguridad una de las más importantes de nuestro país, reconocida a nivel Nacional, con numerosos clientes a lo largo de Chile que avalan su compromiso de calidad. De igual forma, existe una permanente preocupación por mantener un servicio integral de excelencia que permita identificarnos como “el mejor equipo, la mejor empresa e inversión”.
