{"id":4079,"date":"2016-05-23T11:46:46","date_gmt":"2016-05-23T11:46:46","guid":{"rendered":"http:\/\/8theme.com\/import\/xstore\/?page_id=4079"},"modified":"2024-08-22T20:07:06","modified_gmt":"2024-08-22T20:07:06","slug":"contacto","status":"publish","type":"page","link":"https:\/\/uniformesludo.cl\/index.php\/contacto\/","title":{"rendered":"Contacto"},"content":{"rendered":"<div class=\"wpb-content-wrapper\"><p>[vc_row full_width=\u00bbstretch_row_content_no_spaces\u00bb css_animation=\u00bbfadeIn\u00bb css=\u00bb.vc_custom_1529860450756{margin-bottom: 0px !important;}\u00bb][vc_column css=\u00bb.vc_custom_1528811752134{margin-bottom: -30px !important;}\u00bb][vc_gmaps link=\u00bb#E-8_JTNDaWZyYW1lJTIwc3JjJTNEJTIyaHR0cHMlM0ElMkYlMkZ3d3cuZ29vZ2xlLmNvbSUyRm1hcHMlMkZlbWJlZCUzRnBiJTNEJTIxMW0xOCUyMTFtMTIlMjExbTMlMjExZDMzMzEuNTM3ODc4NTU3NzMwNCUyMTJkLTcwLjUzMjUyNTIlMjEzZC0zMy4zODMxMjg4JTIxMm0zJTIxMWYwJTIxMmYwJTIxM2YwJTIxM20yJTIxMWkxMDI0JTIxMmk3NjglMjE0ZjEzLjElMjEzbTMlMjExbTIlMjExczB4OTY2MmM5NTM1NjRiMTIwNSUyNTNBMHhmNjc4ZTFiMzk3MWU1YTZiJTIxMnNBdi4lMjUyMGxhcyUyNTIwQ29uZGVzJTI1MjAxMDQ2NSUyNTJDJTI1MjBMYXMlMjUyMENvbmRlcyUyNTJDJTI1MjBSZWdpJTI1QzMlMjVCM24lMjUyME1ldHJvcG9saXRhbmElMjE1ZTAlMjEzbTIlMjExc2VzJTIxMnNjbCUyMTR2MTY4OTg4MTE5OTgyMiUyMTVtMiUyMTFzZXMlMjEyc2NsJTIyJTIwd2lkdGglM0QlMjIxMDAlMjUlMjIlMjBoZWlnaHQlM0QlMjI0NTAlMjIlMjBzdHlsZSUzRCUyMmJvcmRlciUzQTAlM0IlMjIlMjBhbGxvd2Z1bGxzY3JlZW4lM0QlMjIlMjIlMjBsb2FkaW5nJTNEJTIybGF6eSUyMiUyMHJlZmVycmVycG9saWN5JTNEJTIybm8tcmVmZXJyZXItd2hlbi1kb3duZ3JhZGUlMjIlM0UlM0MlMkZpZnJhbWUlM0U=\u00bb][\/vc_column][\/vc_row][vc_row css=\u00bb.vc_custom_1533282772459{margin-top: -250px !important;margin-bottom: 90px !important;}\u00bb][vc_column width=\u00bb1\/4&#8243; css=\u00bb.vc_custom_1572881649350{padding-top: 30px !important;padding-right: 50px !important;padding-bottom: 30px !important;padding-left: 50px !important;background-color: #fceb00 !important;}\u00bb][vc_column_text css=\u00bb.vc_custom_1724357223223{margin-bottom: 15px !important;}\u00bb]<strong>Bodegas:<\/strong><br \/>\nPanamericana Norte,<br \/>\nLampa,<br \/>\nRegi\u00f3n Metropolitana<\/p>\n<p><strong>Oficina:<\/strong><br \/>\nAv las Condes, 10465, Comuna Las Condes<\/p>\n<p><strong>Tel\u00e9fonos:<\/strong><br \/>\n<i class=\"mpc-icon-part mpc-hover mpc-transition fa fa-mobile\"><\/i> <a href=\"tel:56954034690\">+569 5403 4690<\/a><\/p>\n<p><i class=\"mpc-icon-part mpc-hover mpc-transition fa fa-phone\"><\/i> <a href=\"tel:2 2298 9268\">2 2298 9268<\/a><\/p>\n<p><i class=\"et-icon et-message\" style=\"font-size: 14px;\"><\/i> <a href=\"mailto:ventas@uniformesludo.cl\">ventas@uniformesludo.cl<\/a>[\/vc_column_text][\/vc_column][vc_column width=\u00bb1\/4&#8243;][\/vc_column][vc_column width=\u00bb1\/4&#8243;][\/vc_column][vc_column width=\u00bb1\/4&#8243;][\/vc_column][\/vc_row]<\/p>\n<\/div>","protected":false},"excerpt":{"rendered":"<p>[vc_row full_width=\u00bbstretch_row_content_no_spaces\u00bb css_animation=\u00bbfadeIn\u00bb css=\u00bb.vc_custom_1529860450756{margin-bottom: 0px !important;}\u00bb][vc_column css=\u00bb.vc_custom_1528811752134{margin-bottom: -30px !important;}\u00bb][vc_gmaps link=\u00bb#E-8_JTNDaWZyYW1lJTIwc3JjJTNEJTIyaHR0cHMlM0ElMkYlMkZ3d3cuZ29vZ2xlLmNvbSUyRm1hcHMlMkZlbWJlZCUzRnBiJTNEJTIxMW0xOCUyMTFtMTIlMjExbTMlMjExZDMzMzEuNTM3ODc4NTU3NzMwNCUyMTJkLTcwLjUzMjUyNTIlMjEzZC0zMy4zODMxMjg4JTIxMm0zJTIxMWYwJTIxMmYwJTIxM2YwJTIxM20yJTIxMWkxMDI0JTIxMmk3NjglMjE0ZjEzLjElMjEzbTMlMjExbTIlMjExczB4OTY2MmM5NTM1NjRiMTIwNSUyNTNBMHhmNjc4ZTFiMzk3MWU1YTZiJTIxMnNBdi4lMjUyMGxhcyUyNTIwQ29uZGVzJTI1MjAxMDQ2NSUyNTJDJTI1MjBMYXMlMjUyMENvbmRlcyUyNTJDJTI1MjBSZWdpJTI1QzMlMjVCM24lMjUyME1ldHJvcG9saXRhbmElMjE1ZTAlMjEzbTIlMjExc2VzJTIxMnNjbCUyMTR2MTY4OTg4MTE5OTgyMiUyMTVtMiUyMTFzZXMlMjEyc2NsJTIyJTIwd2lkdGglM0QlMjIxMDAlMjUlMjIlMjBoZWlnaHQlM0QlMjI0NTAlMjIlMjBzdHlsZSUzRCUyMmJvcmRlciUzQTAlM0IlMjIlMjBhbGxvd2Z1bGxzY3JlZW4lM0QlMjIlMjIlMjBsb2FkaW5nJTNEJTIybGF6eSUyMiUyMHJlZmVycmVycG9saWN5JTNEJTIybm8tcmVmZXJyZXItd2hlbi1kb3duZ3JhZGUlMjIlM0UlM0MlMkZpZnJhbWUlM0U=\u00bb][\/vc_column][\/vc_row][vc_row css=\u00bb.vc_custom_1533282772459{margin-top: -250px !important;margin-bottom: 90px !important;}\u00bb][vc_column width=\u00bb1\/4&#8243; css=\u00bb.vc_custom_1572881649350{padding-top: 30px !important;padding-right: 50px !important;padding-bottom: 30px !important;padding-left: 50px !important;background-color: #fceb00 !important;}\u00bb][vc_column_text css=\u00bb.vc_custom_1724357223223{margin-bottom: 15px !important;}\u00bb]Bodegas: Panamericana Norte, Lampa, Regi\u00f3n Metropolitana Oficina: Av las Condes, 10465, Comuna Las Condes Tel\u00e9fonos: +569&#8230;<\/p>\n","protected":false},"author":3,"featured_media":0,"parent":0,"menu_order":0,"comment_status":"closed","ping_status":"closed","template":"","meta":{"footnotes":""},"class_list":["post-4079","page","type-page","status-publish","hentry"],"aioseo_notices":[],"yoast_head":"<!-- This site is optimized with the Yoast SEO plugin v26.5 - https:\/\/yoast.com\/wordpress\/plugins\/seo\/ -->\n<title>Contacto - Uniformes Ludo<\/title>\n<meta name=\"robots\" content=\"index, follow, max-snippet:-1, max-image-preview:large, max-video-preview:-1\" \/>\n<link rel=\"canonical\" href=\"https:\/\/uniformesludo.cl\/index.php\/contacto\/\" \/>\n<meta property=\"og:locale\" content=\"es_ES\" \/>\n<meta property=\"og:type\" content=\"article\" \/>\n<meta property=\"og:title\" content=\"Contacto - Uniformes Ludo\" \/>\n<meta property=\"og:description\" content=\"[vc_row full_width=\u00bbstretch_row_content_no_spaces\u00bb css_animation=\u00bbfadeIn\u00bb css=\u00bb.vc_custom_1529860450756{margin-bottom: 0px !important;}\u00bb][vc_column css=\u00bb.vc_custom_1528811752134{margin-bottom: -30px !important;}\u00bb][vc_gmaps link=\u00bb#E-8_JTNDaWZyYW1lJTIwc3JjJTNEJTIyaHR0cHMlM0ElMkYlMkZ3d3cuZ29vZ2xlLmNvbSUyRm1hcHMlMkZlbWJlZCUzRnBiJTNEJTIxMW0xOCUyMTFtMTIlMjExbTMlMjExZDMzMzEuNTM3ODc4NTU3NzMwNCUyMTJkLTcwLjUzMjUyNTIlMjEzZC0zMy4zODMxMjg4JTIxMm0zJTIxMWYwJTIxMmYwJTIxM2YwJTIxM20yJTIxMWkxMDI0JTIxMmk3NjglMjE0ZjEzLjElMjEzbTMlMjExbTIlMjExczB4OTY2MmM5NTM1NjRiMTIwNSUyNTNBMHhmNjc4ZTFiMzk3MWU1YTZiJTIxMnNBdi4lMjUyMGxhcyUyNTIwQ29uZGVzJTI1MjAxMDQ2NSUyNTJDJTI1MjBMYXMlMjUyMENvbmRlcyUyNTJDJTI1MjBSZWdpJTI1QzMlMjVCM24lMjUyME1ldHJvcG9saXRhbmElMjE1ZTAlMjEzbTIlMjExc2VzJTIxMnNjbCUyMTR2MTY4OTg4MTE5OTgyMiUyMTVtMiUyMTFzZXMlMjEyc2NsJTIyJTIwd2lkdGglM0QlMjIxMDAlMjUlMjIlMjBoZWlnaHQlM0QlMjI0NTAlMjIlMjBzdHlsZSUzRCUyMmJvcmRlciUzQTAlM0IlMjIlMjBhbGxvd2Z1bGxzY3JlZW4lM0QlMjIlMjIlMjBsb2FkaW5nJTNEJTIybGF6eSUyMiUyMHJlZmVycmVycG9saWN5JTNEJTIybm8tcmVmZXJyZXItd2hlbi1kb3duZ3JhZGUlMjIlM0UlM0MlMkZpZnJhbWUlM0U=\u00bb][\/vc_column][\/vc_row][vc_row css=\u00bb.vc_custom_1533282772459{margin-top: -250px !important;margin-bottom: 90px !important;}\u00bb][vc_column width=\u00bb1\/4&#8243; css=\u00bb.vc_custom_1572881649350{padding-top: 30px !important;padding-right: 50px !important;padding-bottom: 30px !important;padding-left: 50px !important;background-color: #fceb00 !important;}\u00bb][vc_column_text css=\u00bb.vc_custom_1724357223223{margin-bottom: 15px !important;}\u00bb]Bodegas: Panamericana Norte, Lampa, Regi\u00f3n Metropolitana Oficina: Av las Condes, 10465, Comuna Las Condes Tel\u00e9fonos: +569...\" \/>\n<meta property=\"og:url\" content=\"https:\/\/uniformesludo.cl\/index.php\/contacto\/\" \/>\n<meta property=\"og:site_name\" content=\"Uniformes Ludo\" \/>\n<meta property=\"article:modified_time\" content=\"2024-08-22T20:07:06+00:00\" \/>\n<meta name=\"twitter:card\" content=\"summary_large_image\" \/>\n<meta name=\"twitter:label1\" content=\"Tiempo de lectura\" \/>\n\t<meta name=\"twitter:data1\" content=\"1 minuto\" \/>\n<script type=\"application\/ld+json\" class=\"yoast-schema-graph\">{\"@context\":\"https:\/\/schema.org\",\"@graph\":[{\"@type\":\"WebPage\",\"@id\":\"https:\/\/uniformesludo.cl\/index.php\/contacto\/\",\"url\":\"https:\/\/uniformesludo.cl\/index.php\/contacto\/\",\"name\":\"Contacto - Uniformes Ludo\",\"isPartOf\":{\"@id\":\"https:\/\/uniformesludo.cl\/#website\"},\"datePublished\":\"2016-05-23T11:46:46+00:00\",\"dateModified\":\"2024-08-22T20:07:06+00:00\",\"breadcrumb\":{\"@id\":\"https:\/\/uniformesludo.cl\/index.php\/contacto\/#breadcrumb\"},\"inLanguage\":\"es\",\"potentialAction\":[{\"@type\":\"ReadAction\",\"target\":[\"https:\/\/uniformesludo.cl\/index.php\/contacto\/\"]}]},{\"@type\":\"BreadcrumbList\",\"@id\":\"https:\/\/uniformesludo.cl\/index.php\/contacto\/#breadcrumb\",\"itemListElement\":[{\"@type\":\"ListItem\",\"position\":1,\"name\":\"Portada\",\"item\":\"https:\/\/uniformesludo.cl\/\"},{\"@type\":\"ListItem\",\"position\":2,\"name\":\"Contacto\"}]},{\"@type\":\"WebSite\",\"@id\":\"https:\/\/uniformesludo.cl\/#website\",\"url\":\"https:\/\/uniformesludo.cl\/\",\"name\":\"Uniformes Ludo\",\"description\":\"Es una de las empresas comercializadoras de Ropa de trabajo, confecci\u00f3n, productos de protecci\u00f3n, prevenci\u00f3n y seguridad una de las m\u00e1s importantes de nuestro pa\u00eds, reconocida a nivel Nacional, con numerosos clientes a lo largo de Chile que avalan su compromiso de calidad. De igual forma, existe una permanente preocupaci\u00f3n por mantener un servicio integral de excelencia que permita identificarnos como \u201cel mejor equipo, la mejor empresa e inversi\u00f3n\u201d.\",\"potentialAction\":[{\"@type\":\"SearchAction\",\"target\":{\"@type\":\"EntryPoint\",\"urlTemplate\":\"https:\/\/uniformesludo.cl\/?s={search_term_string}\"},\"query-input\":{\"@type\":\"PropertyValueSpecification\",\"valueRequired\":true,\"valueName\":\"search_term_string\"}}],\"inLanguage\":\"es\"}]}<\/script>\n<!-- \/ Yoast SEO plugin. -->","yoast_head_json":{"title":"Contacto - Uniformes Ludo","robots":{"index":"index","follow":"follow","max-snippet":"max-snippet:-1","max-image-preview":"max-image-preview:large","max-video-preview":"max-video-preview:-1"},"canonical":"https:\/\/uniformesludo.cl\/index.php\/contacto\/","og_locale":"es_ES","og_type":"article","og_title":"Contacto - Uniformes Ludo","og_description":"[vc_row full_width=\u00bbstretch_row_content_no_spaces\u00bb css_animation=\u00bbfadeIn\u00bb css=\u00bb.vc_custom_1529860450756{margin-bottom: 0px !important;}\u00bb][vc_column css=\u00bb.vc_custom_1528811752134{margin-bottom: -30px !important;}\u00bb][vc_gmaps link=\u00bb#E-8_JTNDaWZyYW1lJTIwc3JjJTNEJTIyaHR0cHMlM0ElMkYlMkZ3d3cuZ29vZ2xlLmNvbSUyRm1hcHMlMkZlbWJlZCUzRnBiJTNEJTIxMW0xOCUyMTFtMTIlMjExbTMlMjExZDMzMzEuNTM3ODc4NTU3NzMwNCUyMTJkLTcwLjUzMjUyNTIlMjEzZC0zMy4zODMxMjg4JTIxMm0zJTIxMWYwJTIxMmYwJTIxM2YwJTIxM20yJTIxMWkxMDI0JTIxMmk3NjglMjE0ZjEzLjElMjEzbTMlMjExbTIlMjExczB4OTY2MmM5NTM1NjRiMTIwNSUyNTNBMHhmNjc4ZTFiMzk3MWU1YTZiJTIxMnNBdi4lMjUyMGxhcyUyNTIwQ29uZGVzJTI1MjAxMDQ2NSUyNTJDJTI1MjBMYXMlMjUyMENvbmRlcyUyNTJDJTI1MjBSZWdpJTI1QzMlMjVCM24lMjUyME1ldHJvcG9saXRhbmElMjE1ZTAlMjEzbTIlMjExc2VzJTIxMnNjbCUyMTR2MTY4OTg4MTE5OTgyMiUyMTVtMiUyMTFzZXMlMjEyc2NsJTIyJTIwd2lkdGglM0QlMjIxMDAlMjUlMjIlMjBoZWlnaHQlM0QlMjI0NTAlMjIlMjBzdHlsZSUzRCUyMmJvcmRlciUzQTAlM0IlMjIlMjBhbGxvd2Z1bGxzY3JlZW4lM0QlMjIlMjIlMjBsb2FkaW5nJTNEJTIybGF6eSUyMiUyMHJlZmVycmVycG9saWN5JTNEJTIybm8tcmVmZXJyZXItd2hlbi1kb3duZ3JhZGUlMjIlM0UlM0MlMkZpZnJhbWUlM0U=\u00bb][\/vc_column][\/vc_row][vc_row css=\u00bb.vc_custom_1533282772459{margin-top: -250px !important;margin-bottom: 90px !important;}\u00bb][vc_column width=\u00bb1\/4&#8243; css=\u00bb.vc_custom_1572881649350{padding-top: 30px !important;padding-right: 50px !important;padding-bottom: 30px !important;padding-left: 50px !important;background-color: #fceb00 !important;}\u00bb][vc_column_text css=\u00bb.vc_custom_1724357223223{margin-bottom: 15px !important;}\u00bb]Bodegas: Panamericana Norte, Lampa, Regi\u00f3n Metropolitana Oficina: Av las Condes, 10465, Comuna Las Condes Tel\u00e9fonos: +569...","og_url":"https:\/\/uniformesludo.cl\/index.php\/contacto\/","og_site_name":"Uniformes Ludo","article_modified_time":"2024-08-22T20:07:06+00:00","twitter_card":"summary_large_image","twitter_misc":{"Tiempo de lectura":"1 minuto"},"schema":{"@context":"https:\/\/schema.org","@graph":[{"@type":"WebPage","@id":"https:\/\/uniformesludo.cl\/index.php\/contacto\/","url":"https:\/\/uniformesludo.cl\/index.php\/contacto\/","name":"Contacto - Uniformes Ludo","isPartOf":{"@id":"https:\/\/uniformesludo.cl\/#website"},"datePublished":"2016-05-23T11:46:46+00:00","dateModified":"2024-08-22T20:07:06+00:00","breadcrumb":{"@id":"https:\/\/uniformesludo.cl\/index.php\/contacto\/#breadcrumb"},"inLanguage":"es","potentialAction":[{"@type":"ReadAction","target":["https:\/\/uniformesludo.cl\/index.php\/contacto\/"]}]},{"@type":"BreadcrumbList","@id":"https:\/\/uniformesludo.cl\/index.php\/contacto\/#breadcrumb","itemListElement":[{"@type":"ListItem","position":1,"name":"Portada","item":"https:\/\/uniformesludo.cl\/"},{"@type":"ListItem","position":2,"name":"Contacto"}]},{"@type":"WebSite","@id":"https:\/\/uniformesludo.cl\/#website","url":"https:\/\/uniformesludo.cl\/","name":"Uniformes Ludo","description":"Es una de las empresas comercializadoras de Ropa de trabajo, confecci\u00f3n, productos de protecci\u00f3n, prevenci\u00f3n y seguridad una de las m\u00e1s importantes de nuestro pa\u00eds, reconocida a nivel Nacional, con numerosos clientes a lo largo de Chile que avalan su compromiso de calidad. De igual forma, existe una permanente preocupaci\u00f3n por mantener un servicio integral de excelencia que permita identificarnos como \u201cel mejor equipo, la mejor empresa e inversi\u00f3n\u201d.","potentialAction":[{"@type":"SearchAction","target":{"@type":"EntryPoint","urlTemplate":"https:\/\/uniformesludo.cl\/?s={search_term_string}"},"query-input":{"@type":"PropertyValueSpecification","valueRequired":true,"valueName":"search_term_string"}}],"inLanguage":"es"}]}},"_links":{"self":[{"href":"https:\/\/uniformesludo.cl\/index.php\/wp-json\/wp\/v2\/pages\/4079","targetHints":{"allow":["GET"]}}],"collection":[{"href":"https:\/\/uniformesludo.cl\/index.php\/wp-json\/wp\/v2\/pages"}],"about":[{"href":"https:\/\/uniformesludo.cl\/index.php\/wp-json\/wp\/v2\/types\/page"}],"author":[{"embeddable":true,"href":"https:\/\/uniformesludo.cl\/index.php\/wp-json\/wp\/v2\/users\/3"}],"replies":[{"embeddable":true,"href":"https:\/\/uniformesludo.cl\/index.php\/wp-json\/wp\/v2\/comments?post=4079"}],"version-history":[{"count":31,"href":"https:\/\/uniformesludo.cl\/index.php\/wp-json\/wp\/v2\/pages\/4079\/revisions"}],"predecessor-version":[{"id":10015016,"href":"https:\/\/uniformesludo.cl\/index.php\/wp-json\/wp\/v2\/pages\/4079\/revisions\/10015016"}],"wp:attachment":[{"href":"https:\/\/uniformesludo.cl\/index.php\/wp-json\/wp\/v2\/media?parent=4079"}],"curies":[{"name":"wp","href":"https:\/\/api.w.org\/{rel}","templated":true}]}}